{"id":103,"date":"2016-12-04T18:54:04","date_gmt":"2016-12-04T18:54:04","guid":{"rendered":"http:\/\/dev.michellebond.pt\/?page_id=103"},"modified":"2023-12-11T10:40:23","modified_gmt":"2023-12-11T10:40:23","slug":"marcar-consulta","status":"publish","type":"page","link":"https:\/\/clientes.space\/michele-bond\/website\/marcar-consulta\/","title":{"rendered":"Formul\u00e1rio Marcar Consulta"},"content":{"rendered":"<p>[vc_row row_type=&#8221;parallax&#8221; full_screen_section_height=&#8221;no&#8221; parallax_background_image=&#8221;738&#8243; css=&#8221;.vc_custom_1556300084310{border-top-width: 1px !important;border-bottom-width: 1px !important;padding-top: 60px !important;padding-bottom: 60px !important;background-color: #fafafa !important;border-top-color: #f2f2f2 !important;border-top-style: solid !important;border-bottom-color: #f2f2f2 !important;border-bottom-style: solid !important;}&#8221;][vc_column][vc_column_text]<img fetchpriority=\"high\" decoding=\"async\" class=\"aligncenter wp-image-2833\" src=\"https:\/\/clientes.space\/michele-bond\/website\/wp-content\/uploads\/2019\/04\/Michelle-Bond-Natural-Health-and-Beauty-logo.png\" alt=\"\" width=\"550\" height=\"138\" \/>[\/vc_column_text][\/vc_column][\/vc_row][vc_row][vc_column][vc_empty_space][vc_raw_html el_class=&#8221;title-seo&#8221;]JTNDaDElM0VMaWd1ZS1ub3MlMjElMjBFc3RhbW9zJTIwbm8lMjBQYXJxdWUlMjBkYXMlMjBOYSVDMyVBNyVDMyVCNWVzLiUzQyUyRmgxJTNF[\/vc_raw_html]<div class=\"mkdf-section-subtitle-holder mkdf-section-subtitle-center\" >\n\t<p style=\"text-align: center\" class=\"mkdf-section-subtitle\">O agendamento das consultas e avalia\u00e7\u00f5es \u00e9 mais r\u00e1pido se ligar ou enviar uma mensagem pelo WhatsApp.<br \/>\nCaso n\u00e3o tenha pressa, preencha o formul\u00e1rio e n\u00f3s entramos em contacto consigo em at\u00e9 48 horas.<\/p>\n<\/div>[vc_empty_space][vc_raw_html]JTNDZGl2JTIwY2xhc3MlM0QlMjJyb3clMjIlMjBzdHlsZSUzRCUyMnRleHQtYWxpZ24lM0FjZW50ZXIlM0IlMjIlM0UlMEElM0NhJTIwaHJlZiUzRCUyMmh0dHBzJTNBJTJGJTJGd2ViLndoYXRzYXBwLmNvbSUyRnNlbmQlM0ZwaG9uZSUzRDM1MTk2NzI1MDQ2NiUyNnRleHQlM0QlMjIlMjB0YXJnZXQlM0QlMjJfc2VsZiUyMiUyMGNsYXNzJTNEJTIybWtkZi1idG4lMjBta2RmLWJ0bi1zbWFsbCUyMG1rZGYtYnRuLW91dGxpbmUlMjBta2RmLWJ0bi1ob3Zlci1zb2xpZCUyMiUyMHN0eWxlJTNEJTIyZm9udC1zaXplJTNBMTJweCUzQiUyMHRleHQtYWxpZ24lM0FjZW50ZXIlM0IlMjBtYXJnaW4tcmlnaHQlM0ExMHB4JTIyJTNFJTNDc3BhbiUyMGNsYXNzJTNEJTIybWtkZi1idG4taGVscGVyJTIyJTNFJTNDJTJGc3BhbiUzRSUzQ3NwYW4lMjBjbGFzcyUzRCUyMm1rZGYtYnRuLXRleHQlMjIlM0UlM0NpJTIwY2xhc3MlM0QlMjJmYSUyMGZhLXdoYXRzYXBwJTIyJTIwYXJpYS1oaWRkZW4lM0QlMjJ0cnVlJTIyJTNFJTNDJTJGaSUzRSUwQTk2NyUyMDI1MCUyMDQ2NiUzQyUyRnNwYW4lM0UlM0MlMkZhJTNFJTBBJTBBJTNDYSUyMGhyZWYlM0QlMjJ0ZWwlM0ElMkIzNTE5NjcyNTA0NjYlMjIlMjB0YXJnZXQlM0QlMjJfc2VsZiUyMiUyMGNsYXNzJTNEJTIybWtkZi1idG4lMjBta2RmLWJ0bi1zbWFsbCUyMG1rZGYtYnRuLW91dGxpbmUlMjBta2RmLWJ0bi1ob3Zlci1zb2xpZCUyMiUyMHN0eWxlJTNEJTIyZm9udC1zaXplJTNBMTJweCUzQiUyMHRleHQtYWxpZ24lM0FjZW50ZXIlM0IlMjAlMjIlM0UlM0NzcGFuJTIwY2xhc3MlM0QlMjJta2RmLWJ0bi1oZWxwZXIlMjIlM0UlM0MlMkZzcGFuJTNFJTNDc3BhbiUyMGNsYXNzJTNEJTIybWtkZi1idG4tdGV4dCUyMiUzRSUzQ2klMjBjbGFzcyUzRCUyMmZhJTIwZmEtcGhvbmUlMjIlMjBhcmlhLWhpZGRlbiUzRCUyMnRydWUlMjIlM0UlM0MlMkZpJTNFJTBBOTY3JTIwMjUwJTIwNDY2JTNDJTJGc3BhbiUzRSUzQyUyRmElM0UlMEElM0MlMkZkaXYlM0U=[\/vc_raw_html][vc_empty_space][\/vc_column][\/vc_row][vc_row content_width=&#8221;grid&#8221;][vc_column width=&#8221;1\/4&#8243;][\/vc_column][vc_column width=&#8221;1\/2&#8243;]\n<div class=\"wpcf7 no-js\" id=\"wpcf7-f119-o1\" lang=\"en-US\" dir=\"ltr\">\n<div class=\"screen-reader-response\"><p role=\"status\" aria-live=\"polite\" aria-atomic=\"true\"><\/p> <ul><\/ul><\/div>\n<form action=\"\/michele-bond\/website\/wp-json\/wp\/v2\/pages\/103#wpcf7-f119-o1\" method=\"post\" class=\"wpcf7-form init\" aria-label=\"Contact form\" novalidate=\"novalidate\" data-status=\"init\">\n<div style=\"display: none;\">\n<input type=\"hidden\" name=\"_wpcf7\" value=\"119\" \/>\n<input type=\"hidden\" name=\"_wpcf7_version\" value=\"5.8.4\" \/>\n<input type=\"hidden\" name=\"_wpcf7_locale\" value=\"en_US\" \/>\n<input type=\"hidden\" name=\"_wpcf7_unit_tag\" value=\"wpcf7-f119-o1\" \/>\n<input type=\"hidden\" name=\"_wpcf7_container_post\" value=\"0\" \/>\n<input type=\"hidden\" name=\"_wpcf7_posted_data_hash\" value=\"\" \/>\n<\/div>\n<p><label>O seu nome<\/label><br \/>\n<span class=\"wpcf7-form-control-wrap\" data-name=\"nome\"><input size=\"40\" class=\"wpcf7-form-control wpcf7-text wpcf7-validates-as-required\" aria-required=\"true\" aria-invalid=\"false\" placeholder=\"O seu nome\" value=\"\" type=\"text\" name=\"nome\" \/><\/span><br \/>\n<label>Email<\/label><br \/>\n<span class=\"wpcf7-form-control-wrap\" data-name=\"email\"><input size=\"40\" class=\"wpcf7-form-control wpcf7-email wpcf7-validates-as-required wpcf7-text wpcf7-validates-as-email\" aria-required=\"true\" aria-invalid=\"false\" placeholder=\"O seu email\" value=\"\" type=\"email\" name=\"email\" \/><\/span><br \/>\n<label>Telefone<\/label><br \/>\n<span class=\"wpcf7-form-control-wrap\" data-name=\"tel\"><input size=\"40\" class=\"wpcf7-form-control wpcf7-text wpcf7-validates-as-required\" aria-required=\"true\" aria-invalid=\"false\" placeholder=\"O seu telefone\" value=\"\" type=\"text\" name=\"tel\" \/><\/span><br \/>\n<label>Indique como prefere ser contactado(a)<\/label><br \/>\n<span class=\"wpcf7-form-control-wrap\" data-name=\"option\"><select class=\"wpcf7-form-control wpcf7-select wpcf7-validates-as-required\" aria-required=\"true\" aria-invalid=\"false\" name=\"option\"><option value=\"\">&#8212;Please choose an option&#8212;<\/option><option value=\"Email\">Email<\/option><option value=\"Telefone\">Telefone<\/option><\/select><\/span>\n<\/p>\n<div style=\"text-align:center;padding:0;margin:0 !important\">\n\t<p><input class=\"wpcf7-form-control wpcf7-submit has-spinner\" type=\"submit\" value=\"Enviar\" \/>\n\t<\/p>\n<\/div><div class=\"wpcf7-response-output\" aria-hidden=\"true\"><\/div>\n<\/form>\n<\/div>\n[\/vc_column][vc_column width=&#8221;1\/4&#8243;][\/vc_column][\/vc_row][vc_row content_width=&#8221;grid&#8221; content_aligment=&#8221;center&#8221; css=&#8221;.vc_custom_1556300180942{border-top-width: 1px !important;border-bottom-width: 1px !important;padding-top: 60px !important;padding-bottom: 60px !important;}&#8221;][vc_column][vc_empty_space height=&#8221;20px&#8221;][\/vc_column][\/vc_row][vc_row row_type=&#8221;parallax&#8221; full_screen_section_height=&#8221;no&#8221; parallax_background_image=&#8221;738&#8243; css=&#8221;.vc_custom_1556300084310{border-top-width: 1px !important;border-bottom-width: 1px !important;padding-top: 60px !important;padding-bottom: 60px !important;background-color: #fafafa !important;border-top-color: #f2f2f2 !important;border-top-style: solid !important;border-bottom-color: #f2f2f2 !important;border-bottom-style: solid !important;}&#8221;][vc_column][vc_empty_space]<div class=\"mkdf-section-title-holder\">\n\t<h2 class=\"mkdf-section-title mkdf-section-title-large\" style=\"text-align: center\">\n\tObrigado pelo seu contacto!<\/h2>\n<\/div>[vc_empty_space][vc_row_inner content_placement=&#8221;bottom&#8221; content_width=&#8221;grid&#8221; content_aligment=&#8221;center&#8221;][vc_column_inner width=&#8221;1\/3&#8243;][vc_empty_space][\/vc_column_inner][vc_column_inner width=&#8221;1\/3&#8243;]<a href=\"https:\/\/clientes.space\/michele-bond\/website\/\" target=\"_self\"  class=\"mkdf-btn mkdf-btn-large mkdf-btn-solid mkdf-btn-hover-outline\"  >\n\t\n\t\t\t<span class=\"mkdf-btn-helper\" ><\/span>\n\t\t<span class=\"mkdf-btn-text\">Voltar ao in\u00edcio<\/span>\n<\/a>[\/vc_column_inner][vc_column_inner width=&#8221;1\/3&#8243;][vc_empty_space][\/vc_column_inner][\/vc_row_inner][vc_empty_space][\/vc_column][\/vc_row]<\/p>\n","protected":false},"excerpt":{"rendered":"<p>[vc_row row_type=&#8221;parallax&#8221; full_screen_section_height=&#8221;no&#8221; parallax_background_image=&#8221;738&#8243; css=&#8221;.vc_custom_1556300084310{border-top-width: 1px !important;border-bottom-width: 1px !important;padding-top: 60px !important;padding-bottom: 60px !important;background-color: #fafafa !important;border-top-color: #f2f2f2 !important;border-top-style: solid !important;border-bottom-color: #f2f2f2&#8230;<\/p>\n","protected":false},"author":5,"featured_media":0,"parent":0,"menu_order":0,"comment_status":"closed","ping_status":"closed","template":"full-width.php","meta":{"content-type":"","footnotes":""},"yoast_head":"<!-- This site is optimized with the Yoast SEO plugin v21.7 - https:\/\/yoast.com\/wordpress\/plugins\/seo\/ -->\n<title>Formul\u00e1rio Marcar Consulta - Michelle Bond Clinic | Lisboa<\/title>\n<meta name=\"description\" content=\"Formul\u00e1rio Marcar Consulta\" \/>\n<meta name=\"robots\" content=\"index, follow, max-snippet:-1, max-image-preview:large, max-video-preview:-1\" \/>\n<link rel=\"canonical\" href=\"https:\/\/clientes.space\/michele-bond\/website\/marcar-consulta\/\" \/>\n<meta property=\"og:locale\" content=\"pt_PT\" \/>\n<meta property=\"og:type\" content=\"article\" \/>\n<meta property=\"og:title\" content=\"Formul\u00e1rio Marcar Consulta - Michelle Bond Clinic | Lisboa\" \/>\n<meta property=\"og:description\" content=\"Formul\u00e1rio Marcar Consulta\" \/>\n<meta property=\"og:url\" content=\"https:\/\/clientes.space\/michele-bond\/website\/marcar-consulta\/\" \/>\n<meta property=\"og:site_name\" content=\"Michelle Bond Clinic | Lisboa\" \/>\n<meta property=\"article:modified_time\" content=\"2023-12-11T10:40:23+00:00\" \/>\n<meta property=\"og:image\" content=\"https:\/\/clientes.space\/michele-bond\/website\/wp-content\/uploads\/2019\/04\/Michelle-Bond-Natural-Health-and-Beauty-logo.png\" \/>\n<meta name=\"twitter:card\" content=\"summary_large_image\" \/>\n<meta name=\"twitter:label1\" content=\"Tempo estimado de leitura\" \/>\n\t<meta name=\"twitter:data1\" content=\"1 minuto\" \/>\n<script type=\"application\/ld+json\" class=\"yoast-schema-graph\">{\"@context\":\"https:\/\/schema.org\",\"@graph\":[{\"@type\":\"WebPage\",\"@id\":\"https:\/\/clientes.space\/michele-bond\/website\/marcar-consulta\/\",\"url\":\"https:\/\/clientes.space\/michele-bond\/website\/marcar-consulta\/\",\"name\":\"Formul\u00e1rio Marcar Consulta - Michelle Bond Clinic | Lisboa\",\"isPartOf\":{\"@id\":\"https:\/\/clientes.space\/michele-bond\/website\/#website\"},\"datePublished\":\"2016-12-04T18:54:04+00:00\",\"dateModified\":\"2023-12-11T10:40:23+00:00\",\"description\":\"Formul\u00e1rio Marcar Consulta\",\"breadcrumb\":{\"@id\":\"https:\/\/clientes.space\/michele-bond\/website\/marcar-consulta\/#breadcrumb\"},\"inLanguage\":\"pt-PT\",\"potentialAction\":[{\"@type\":\"ReadAction\",\"target\":[\"https:\/\/clientes.space\/michele-bond\/website\/marcar-consulta\/\"]}]},{\"@type\":\"BreadcrumbList\",\"@id\":\"https:\/\/clientes.space\/michele-bond\/website\/marcar-consulta\/#breadcrumb\",\"itemListElement\":[{\"@type\":\"ListItem\",\"position\":1,\"name\":\"In\u00edcio\",\"item\":\"https:\/\/clientes.space\/michele-bond\/website\/\"},{\"@type\":\"ListItem\",\"position\":2,\"name\":\"Formul\u00e1rio Marcar Consulta\"}]},{\"@type\":\"WebSite\",\"@id\":\"https:\/\/clientes.space\/michele-bond\/website\/#website\",\"url\":\"https:\/\/clientes.space\/michele-bond\/website\/\",\"name\":\"Michelle Bond - Holistic Health &amp; Beauty\",\"description\":\"Medicina Est\u00e9tica, Naturopatia, Nutri\u00e7\u00e3o e Fisioterapia\",\"potentialAction\":[{\"@type\":\"SearchAction\",\"target\":{\"@type\":\"EntryPoint\",\"urlTemplate\":\"https:\/\/clientes.space\/michele-bond\/website\/?s={search_term_string}\"},\"query-input\":\"required name=search_term_string\"}],\"inLanguage\":\"pt-PT\"}]}<\/script>\n<!-- \/ Yoast SEO plugin. -->","yoast_head_json":{"title":"Formul\u00e1rio Marcar Consulta - Michelle Bond Clinic | Lisboa","description":"Formul\u00e1rio Marcar Consulta","robots":{"index":"index","follow":"follow","max-snippet":"max-snippet:-1","max-image-preview":"max-image-preview:large","max-video-preview":"max-video-preview:-1"},"canonical":"https:\/\/clientes.space\/michele-bond\/website\/marcar-consulta\/","og_locale":"pt_PT","og_type":"article","og_title":"Formul\u00e1rio Marcar Consulta - Michelle Bond Clinic | Lisboa","og_description":"Formul\u00e1rio Marcar Consulta","og_url":"https:\/\/clientes.space\/michele-bond\/website\/marcar-consulta\/","og_site_name":"Michelle Bond Clinic | Lisboa","article_modified_time":"2023-12-11T10:40:23+00:00","og_image":[{"url":"https:\/\/clientes.space\/michele-bond\/website\/wp-content\/uploads\/2019\/04\/Michelle-Bond-Natural-Health-and-Beauty-logo.png"}],"twitter_card":"summary_large_image","twitter_misc":{"Tempo estimado de leitura":"1 minuto"},"schema":{"@context":"https:\/\/schema.org","@graph":[{"@type":"WebPage","@id":"https:\/\/clientes.space\/michele-bond\/website\/marcar-consulta\/","url":"https:\/\/clientes.space\/michele-bond\/website\/marcar-consulta\/","name":"Formul\u00e1rio Marcar Consulta - Michelle Bond Clinic | Lisboa","isPartOf":{"@id":"https:\/\/clientes.space\/michele-bond\/website\/#website"},"datePublished":"2016-12-04T18:54:04+00:00","dateModified":"2023-12-11T10:40:23+00:00","description":"Formul\u00e1rio Marcar Consulta","breadcrumb":{"@id":"https:\/\/clientes.space\/michele-bond\/website\/marcar-consulta\/#breadcrumb"},"inLanguage":"pt-PT","potentialAction":[{"@type":"ReadAction","target":["https:\/\/clientes.space\/michele-bond\/website\/marcar-consulta\/"]}]},{"@type":"BreadcrumbList","@id":"https:\/\/clientes.space\/michele-bond\/website\/marcar-consulta\/#breadcrumb","itemListElement":[{"@type":"ListItem","position":1,"name":"In\u00edcio","item":"https:\/\/clientes.space\/michele-bond\/website\/"},{"@type":"ListItem","position":2,"name":"Formul\u00e1rio Marcar Consulta"}]},{"@type":"WebSite","@id":"https:\/\/clientes.space\/michele-bond\/website\/#website","url":"https:\/\/clientes.space\/michele-bond\/website\/","name":"Michelle Bond - Holistic Health &amp; Beauty","description":"Medicina Est\u00e9tica, Naturopatia, Nutri\u00e7\u00e3o e Fisioterapia","potentialAction":[{"@type":"SearchAction","target":{"@type":"EntryPoint","urlTemplate":"https:\/\/clientes.space\/michele-bond\/website\/?s={search_term_string}"},"query-input":"required name=search_term_string"}],"inLanguage":"pt-PT"}]}},"_links":{"self":[{"href":"https:\/\/clientes.space\/michele-bond\/website\/wp-json\/wp\/v2\/pages\/103"}],"collection":[{"href":"https:\/\/clientes.space\/michele-bond\/website\/wp-json\/wp\/v2\/pages"}],"about":[{"href":"https:\/\/clientes.space\/michele-bond\/website\/wp-json\/wp\/v2\/types\/page"}],"author":[{"embeddable":true,"href":"https:\/\/clientes.space\/michele-bond\/website\/wp-json\/wp\/v2\/users\/5"}],"replies":[{"embeddable":true,"href":"https:\/\/clientes.space\/michele-bond\/website\/wp-json\/wp\/v2\/comments?post=103"}],"version-history":[{"count":5,"href":"https:\/\/clientes.space\/michele-bond\/website\/wp-json\/wp\/v2\/pages\/103\/revisions"}],"predecessor-version":[{"id":22728,"href":"https:\/\/clientes.space\/michele-bond\/website\/wp-json\/wp\/v2\/pages\/103\/revisions\/22728"}],"wp:attachment":[{"href":"https:\/\/clientes.space\/michele-bond\/website\/wp-json\/wp\/v2\/media?parent=103"}],"curies":[{"name":"wp","href":"https:\/\/api.w.org\/{rel}","templated":true}]}}