{"id":12750,"date":"2021-11-26T11:56:32","date_gmt":"2021-11-26T11:56:32","guid":{"rendered":"https:\/\/clientes.space\/michele-bond\/website\/?page_id=12750"},"modified":"2023-09-22T13:11:13","modified_gmt":"2023-09-22T13:11:13","slug":"liberacao-miofascial","status":"publish","type":"page","link":"https:\/\/clientes.space\/michele-bond\/website\/liberacao-miofascial\/","title":{"rendered":"Libera\u00e7\u00e3o Miofascial"},"content":{"rendered":"<p>[vc_row content_width=&#8221;grid&#8221; el_class=&#8221;first-section&#8221; css=&#8221;.vc_custom_1481240302876{padding-top: 60px !important;}&#8221;][vc_column width=&#8221;1\/2&#8243;]<div class=\"mkdf-section-title-holder\">\n\t<h2 class=\"mkdf-section-title mkdf-section-title-small\" style=\"text-transform: none;text-align: left\">\n\tO que \u00e9 a Libera\u00e7\u00e3o Miofascial?<\/h2>\n<\/div>[vc_column_text]A Libera\u00e7\u00e3o Miofascial \u00e9 uma terapia f\u00edsica e manual utilizada para o tratamento e recupera\u00e7\u00e3o eficazes de tens\u00f5es e restri\u00e7\u00f5es de tecidos moles e fasciais. A palavra myofascia \u00e9 derivada da palavra grega &#8220;myo&#8221;, que significa m\u00fasculo, e &#8220;f\u00e1scia&#8221;, que significa faixa.<\/p>\n<p>A f\u00e1scia envolve, preenche e protege todos os tecidos, tend\u00f5es, m\u00fasculos, ossos, ligamentos e \u00f3rg\u00e3os do corpo. \u00c9 o tecido conjuntivo que mant\u00e9m o corpo unido. O sistema fascial \u00e9 um mecanismo de amolecimento e suporte que permite que o corpo se mova com seguran\u00e7a, sem restri\u00e7\u00f5es ou dor.<\/p>\n<p>Numa condi\u00e7\u00e3o ideal, o sistema fascial \u00e9 relaxado e ondulado. J\u00e1 num sistema que est\u00e1 a causar dores e restri\u00e7\u00f5es, a f\u00e1scia perdeu a sua flexibilidade e est\u00e1 desidratada, dura e presa.<\/p>\n<p>A libera\u00e7\u00e3o miofascial \u00e9 considerada o &#8220;elo perdido&#8221; na massagem e no trabalho corporal e \u00e9 eficaz no tratamento da dor e do trauma. \u00c9 um tratamento especializado que liberta restri\u00e7\u00f5es na rede fascial, permitindo que \u00e1reas r\u00edgidas e presas se tornem macias e m\u00f3veis. O efeito \u00e9 de al\u00edvio em todo o corpo.[\/vc_column_text][vc_empty_space][\/vc_column][vc_column width=&#8221;1\/2&#8243;]<div class=\"mkdf-section-title-holder\">\n\t<h2 class=\"mkdf-section-title mkdf-section-title-small\" style=\"text-transform: none;text-align: left\">\n\tComo \u00e9 realizada a Libera\u00e7\u00e3o Miofascial?<\/h2>\n<\/div>[vc_column_text]A Libera\u00e7\u00e3o Miofascial \u00e9 realizada numa marquesa de massagem e n\u00e3o \u00e9 usado \u00f3leo. O \u00f3leo de massagem n\u00e3o permitir\u00e1 que o terapeuta trabalhe com a f\u00e1scia porque \u00e9 necess\u00e1rio ader\u00eancia para afundar nas camadas mais profundas.<\/p>\n<p>Os principais fatores que separam a Libera\u00e7\u00e3o Miofascial de outras massagens s\u00e3o o ritmo e a leveza do toque. O terapeuta trabalha lentamente, as m\u00e3os s\u00e3o colocadas sobre a pele e, depois de cerca de um minuto, a f\u00e1scia come\u00e7a a mover-se enquanto o terapeuta realiza um alongamento suave. O tempo do alongamento \u00e9 ditado pela f\u00e1scia, n\u00e3o pelo terapeuta. Pode ser mais 3 minutos, neste tempo h\u00e1 uma libera\u00e7\u00e3o de fibras de col\u00e1geno que podem ser sentidas, entre a pele e o m\u00fasculo.<\/p>\n<p>A libera\u00e7\u00e3o miofascial costuma ser mais suave do que outras massagens; a princ\u00edpio, pode ser dif\u00edcil acreditar que est\u00e1 a acontecer alguma coisa. No entanto, alguns clientes podem sentir a f\u00e1scia a mover-se durante o tratamento. Muitos relatam que os efeitos da Libera\u00e7\u00e3o Miofascial duram mais do que outras massagens, como a massagem sueca ou de tecidos profundos. A inten\u00e7\u00e3o da terapia \u00e9 libertar a f\u00e1scia que ficou presa ou emba\u00e7ada, o que traz uma sensa\u00e7\u00e3o de al\u00edvio e o corpo fica mais solto e relaxado.[\/vc_column_text][vc_empty_space][\/vc_column][\/vc_row][vc_row content_width=&#8221;grid&#8221; el_class=&#8221;first-section&#8221; css=&#8221;.vc_custom_1481238748781{padding-bottom: 50px !important;}&#8221;][vc_column width=&#8221;1\/2&#8243;]<div class=\"mkdf-section-title-holder\">\n\t<h2 class=\"mkdf-section-title mkdf-section-title-small\" style=\"text-transform: none;text-align: left\">\n\tBenef\u00edcios<\/h2>\n<\/div>[vc_column_text]A f\u00e1scia, assim como o m\u00fasculo, tem a capacidade de contrair e relaxar e desempenha um papel importante na mobilidade e estabilidade das articula\u00e7\u00f5es. A f\u00e1scia atua como um modelo de tens\u00e3o e integridade onde a tens\u00e3o e a resist\u00eancia dependem uma da outra para a estabilidade. Esta massagem visa permitir ao cliente uma profunda sensa\u00e7\u00e3o de relaxamento. A energia \u00e9 estimulada a fluir livremente e a nutrir o corpo. As \u00e1reas fasciais que ficaram restritas devido a h\u00e1bitos posturais inadequados ou ao uso excessivo ficar\u00e3o mais soltas, e o corpo mais aberto.<\/p>\n<p>A Libera\u00e7\u00e3o Miofascial promove a filosofia de que a mente e o corpo trabalham juntos para manter o bem-estar. O corpo tem a capacidade de se lembrar de posi\u00e7\u00f5es posturais, a\u00e7\u00f5es e emo\u00e7\u00f5es sem que a mente se lembre de o fazer. O corpo quer curar-se e o sistema fascial quer liberar-se.\u00a0 A f\u00e1scia \u00e9 ativa por natureza, responde \u00e0s for\u00e7as internas e externas aplicadas sobre ela enfrentando a resist\u00eancia para se proteger. \u00c9 aqui que entra a Libera\u00e7\u00e3o Miofascial, que trabalha com press\u00e3o sustentada, onde a for\u00e7a \u00e9 respondida por uma for\u00e7a devolvida. Isso permite que a f\u00e1scia se alongue e se restaure numa posi\u00e7\u00e3o mais saud\u00e1vel.[\/vc_column_text][vc_empty_space][\/vc_column][vc_column width=&#8221;1\/2&#8243;]<div class=\"mkdf-section-title-holder\">\n\t<h2 class=\"mkdf-section-title mkdf-section-title-small\" style=\"text-transform: none;text-align: left\">\n\tPre\u00e7os<\/h2>\n<\/div>[vc_column_text]<\/p>\n<ul>\n<li>1 massagem (60 minutos ): 65\u20ac<\/li>\n<li>Pacote com 4 massagens: 240\u20ac<\/li>\n<\/ul>\n<p>Temos vouchers para oferta dispon\u00edveis. Contacte-nos por email ou telefone e n\u00f3s tratamos de tudo.[\/vc_column_text][vc_empty_space][vc_single_image image=&#8221;12808&#8243; img_size=&#8221;250&#215;200&#8243; alignment=&#8221;center&#8221; style=&#8221;vc_box_border_circle&#8221;][vc_empty_space][\/vc_column][\/vc_row][vc_row css=&#8221;.vc_custom_1557421841301{background-color: #fafafa !important;}&#8221;][vc_column]\n\n\t<div class=\"mkdf-call-to-action normal\" style=\"padding: 20px;\">\n\n\t\t\t\t<div class=\"mkdf-container-inner\">\n\t\t\t\t\t<div class=\"mkdf-call-to-action-row-75-25 clearfix\">\n\t\t\n\t\t\t\t<div class=\"mkdf-text-wrapper mkdf-call-to-action-column1 mkdf-call-to-action-cell\">\n\n\t\t\t\t\n\t\t\t\t\t<div class=\"mkdf-call-to-action-text\" >\n\t\t\t\t\t\t\n<h2 class=\"p1\" style=\"margin-top: 10px !important;\"><strong>Agende hoje a sua consulta<\/strong><\/h2>\n\t\t\t\t\t<\/div>\n\n\t\t\t\t<\/div>\n\n\t\t\t\t\n\t\t\t\t\t<div class=\"mkdf-button-wrapper mkdf-call-to-action-column2 mkdf-call-to-action-cell\" style =\"text-align: right ;\">\n\n\t\t\t\t\t\t<a href=\"\/marcar-consulta\/\" target=\"_self\"  class=\"mkdf-btn mkdf-btn-medium mkdf-btn-solid mkdf-btn-hover-outline\"  >\t\t\t\t<span class=\"mkdf-btn-helper\" ><\/span>\t\t<span class=\"mkdf-btn-text\">Marcar Consulta<\/span><\/a>\n\t\t\t\t\t<\/div>\n\n\t\t\t\t\n\t\t\t<\/div>\n\n\t\t\t\t<\/div>\n\t\t\n\t<\/div>\n\n[\/vc_column][\/vc_row][vc_row content_width=&#8221;grid&#8221; css=&#8221;.vc_custom_1557506018723{border-top-width: 1px !important;border-bottom-width: 1px !important;padding-top: 60px !important;padding-bottom: 60px !important;}&#8221;][vc_column]<div class=\"mkdf-section-title-holder\">\n\t<h2 class=\"mkdf-section-title\" style=\"text-align: center\">\n\tOutras massagem para uma experi\u00eancia completa de wellness<\/h2>\n<\/div><div class=\"mkdf-section-subtitle-holder mkdf-section-subtitle-center\" >\n\t<p style=\"text-align: center\" class=\"mkdf-section-subtitle\">Saiba como em cada um deles!<\/p>\n<\/div><div class=\"mkdf-carousel-holder clearfix mkdf-carousel-three-rows mkdf-carousel-navigation\"><div class=\"mkdf-carousel \" data-items=\"3\" data-navigation=\"yes\"><div class=\"mkdf-carousel-item-outer-holder border\"><div class=\"mkdf-carousel-item-holder\">\n\t\t<a href=\"https:\/\/clientes.space\/michele-bond\/website\/massagem-relaxante-parque-das-nacoes\/\" target=\"_self\">\n\t\t\t\t\t\t\t<span class=\"mkdf-carousel-first-image-holder  mkdf-image-zoom\">\n\t\t\t\t<img width=\"450\" height=\"420\" src=\"https:\/\/clientes.space\/michele-bond\/website\/wp-content\/uploads\/2019\/06\/Massagem-Relaxante.jpg\" class=\"attachment-full size-full\" alt=\"Massagem Relaxante\" decoding=\"async\" srcset=\"https:\/\/clientes.space\/michele-bond\/website\/wp-content\/uploads\/2019\/06\/Massagem-Relaxante.jpg 450w, https:\/\/clientes.space\/michele-bond\/website\/wp-content\/uploads\/2019\/06\/Massagem-Relaxante-300x280.jpg 300w\" sizes=\"(max-width: 450px) 100vw, 450px\" \/>\t\t\t<\/span>\n\t\t\t\t\t\t\t<\/a>\n<\/div><\/div><div class=\"mkdf-carousel-item-outer-holder border\"><div class=\"mkdf-carousel-item-holder\">\n\t\t<a href=\"https:\/\/clientes.space\/michele-bond\/website\/massagem-hot-karite-spa\/\" target=\"_self\">\n\t\t\t\t\t\t\t<span class=\"mkdf-carousel-first-image-holder  mkdf-image-zoom\">\n\t\t\t\t<img width=\"450\" height=\"420\" src=\"https:\/\/clientes.space\/michele-bond\/website\/wp-content\/uploads\/2019\/06\/Massagem-Hot-Karite-Spa.jpg\" class=\"attachment-full size-full\" alt=\"Massagem Hot Karit\u00e9 Spa\" decoding=\"async\" srcset=\"https:\/\/clientes.space\/michele-bond\/website\/wp-content\/uploads\/2019\/06\/Massagem-Hot-Karite-Spa.jpg 450w, https:\/\/clientes.space\/michele-bond\/website\/wp-content\/uploads\/2019\/06\/Massagem-Hot-Karite-Spa-300x280.jpg 300w\" sizes=\"(max-width: 450px) 100vw, 450px\" \/>\t\t\t<\/span>\n\t\t\t\t\t\t\t<\/a>\n<\/div><\/div><div class=\"mkdf-carousel-item-outer-holder border\"><div class=\"mkdf-carousel-item-holder\">\n\t\t<a href=\"https:\/\/clientes.space\/michele-bond\/website\/drenagem-linfatica\/\" target=\"_self\">\n\t\t\t\t\t\t\t<span class=\"mkdf-carousel-first-image-holder  mkdf-image-zoom\">\n\t\t\t\t<img width=\"450\" height=\"420\" src=\"https:\/\/clientes.space\/michele-bond\/website\/wp-content\/uploads\/2019\/06\/Drenagem-Linfatica.jpg\" class=\"attachment-full size-full\" alt=\"Drenagem Linf\u00e1tica\" decoding=\"async\" srcset=\"https:\/\/clientes.space\/michele-bond\/website\/wp-content\/uploads\/2019\/06\/Drenagem-Linfatica.jpg 450w, https:\/\/clientes.space\/michele-bond\/website\/wp-content\/uploads\/2019\/06\/Drenagem-Linfatica-300x280.jpg 300w\" sizes=\"(max-width: 450px) 100vw, 450px\" \/>\t\t\t<\/span>\n\t\t\t\t\t\t\t<\/a>\n<\/div><\/div><\/div><\/div>[\/vc_column][\/vc_row][vc_row content_width=&#8221;grid&#8221; css=&#8221;.vc_custom_1557419832899{border-top-width: 1px !important;border-bottom-width: 1px !important;padding-top: 60px !important;padding-bottom: 60px !important;}&#8221;][vc_column]<div class=\"mkdf-section-title-holder\">\n\t<h2 class=\"mkdf-section-title\" style=\"text-align: center\">\n\tAs nossas massagens levam o relaxamento a outro n\u00edvel: aliviam a tens\u00e3o mental, relaxam o corpo e acalmam a alma<\/h2>\n<\/div>[vc_empty_space][\/vc_column][\/vc_row][vc_row row_type=&#8221;parallax&#8221; full_screen_section_height=&#8221;no&#8221; parallax_background_image=&#8221;164&#8243; css=&#8221;.vc_custom_1481238989291{padding-top: 65px !important;padding-bottom: 65px !important;}&#8221;][vc_column]<div class=\"mkdf-section-title-holder\">\n\t<h2 class=\"mkdf-section-title mkdf-section-title-medium\" style=\"color: #ffffff;text-transform: capitalize;text-align: center\">\n\tClientes Satisfeitos<\/h2>\n<\/div>[vc_empty_space]<div class=\"mkdf-testimonials-holder clearfix light\"><div class=\"mkdf-testimonials testimonials-slider\"><div id=\"mkdf-testimonials83\" class=\"mkdf-testimonial-content testimonials-slider\">\n\t<div class=\"mkdf-testimonial-content-inner\">\n\t\t\t\t\t<div class= \"mkdf-container-inner\">\n\t\t\t\t<div class=\"mkdf-testimonial-text-holder\">\n\t\t\t<div class=\"mkdf-testimonial-text-inner light\">\n\t\t\t\t\t\t\t\t<p class=\"mkdf-testimonial-text\" >Depois de ter o meu segundo filho, e de maus h\u00e1bitos alimentares, ganhei muito peso. Com o acompanhamento que tive na Cl\u00ednica consegui perder 7 quilos e agora sinto-me muito bem! Obrigado a todos.<\/p>\n\t\t\t\t\t\t\t\t\t<div class=\"mkdf-testimonial-author\">\n\t\t\t\t\t\t<h3 class=\"mkdf-testimonial-author-text light\">F\u00e1tima (38 Anos)<\/h3>\n\t\t\t\t\t\t\t\t\t\t\t\t\t<span class=\"mkdf-testimonials-job light\">Lisboa<\/span>\n\t\t\t\t\t\t\t\t\t\t\t<\/div>\n\t\t\t\t\t\t\t<\/div>\n\t\t<\/div>\n\n\t\t\t\t\t<\/div>\n\t\t\t<\/div>\n<\/div>\n<div id=\"mkdf-testimonials82\" class=\"mkdf-testimonial-content testimonials-slider\">\n\t<div class=\"mkdf-testimonial-content-inner\">\n\t\t\t\t\t<div class= \"mkdf-container-inner\">\n\t\t\t\t<div class=\"mkdf-testimonial-text-holder\">\n\t\t\t<div class=\"mkdf-testimonial-text-inner light\">\n\t\t\t\t\t\t\t\t<p class=\"mkdf-testimonial-text\" >Sempre tive muitas dificuldades em dormir, tentei muitas terapias mas s\u00f3 com a ajuda da Dra Michelle \u00e9 que descobri o que \u00e9 uma boa noite de sono. Sou hoje uma pessoa diferente e com muito mais energia.<\/p>\n\t\t\t\t\t\t\t\t\t<div class=\"mkdf-testimonial-author\">\n\t\t\t\t\t\t<h3 class=\"mkdf-testimonial-author-text light\">Carla (45 Anos)<\/h3>\n\t\t\t\t\t\t\t\t\t\t\t\t\t<span class=\"mkdf-testimonials-job light\">Alg\u00e9s<\/span>\n\t\t\t\t\t\t\t\t\t\t\t<\/div>\n\t\t\t\t\t\t\t<\/div>\n\t\t<\/div>\n\n\t\t\t\t\t<\/div>\n\t\t\t<\/div>\n<\/div>\n<\/div><\/div>[\/vc_column][\/vc_row][vc_row][vc_column]\n\n\t<div class=\"mkdf-call-to-action normal\" style=\"padding: 20px;\">\n\n\t\t\t\t<div class=\"mkdf-container-inner\">\n\t\t\t\t\t<div class=\"mkdf-call-to-action-row-75-25 clearfix\">\n\t\t\n\t\t\t\t<div class=\"mkdf-text-wrapper mkdf-call-to-action-column1 mkdf-call-to-action-cell\">\n\n\t\t\t\t\n\t\t\t\t\t<div class=\"mkdf-call-to-action-text\" >\n\t\t\t\t\t\t\n<h2 class=\"p1\" style=\"margin-top: 10px !important;\"><strong>Agende hoje a sua consulta<\/strong><\/h2>\n\t\t\t\t\t<\/div>\n\n\t\t\t\t<\/div>\n\n\t\t\t\t\n\t\t\t\t\t<div class=\"mkdf-button-wrapper mkdf-call-to-action-column2 mkdf-call-to-action-cell\" style =\"text-align: right ;\">\n\n\t\t\t\t\t\t<a href=\"\/marcar-consulta\/\" target=\"_self\"  class=\"mkdf-btn mkdf-btn-medium mkdf-btn-solid mkdf-btn-hover-outline\"  >\t\t\t\t<span class=\"mkdf-btn-helper\" ><\/span>\t\t<span class=\"mkdf-btn-text\">Marcar Consulta<\/span><\/a>\n\t\t\t\t\t<\/div>\n\n\t\t\t\t\n\t\t\t<\/div>\n\n\t\t\t\t<\/div>\n\t\t\n\t<\/div>\n\n[\/vc_column][\/vc_row]<\/p>\n","protected":false},"excerpt":{"rendered":"<p>[vc_row content_width=&#8221;grid&#8221; el_class=&#8221;first-section&#8221; css=&#8221;.vc_custom_1481240302876{padding-top: 60px !important;}&#8221;][vc_column width=&#8221;1\/2&#8243;][vc_column_text]A Libera\u00e7\u00e3o Miofascial \u00e9 uma terapia f\u00edsica e manual utilizada para o tratamento e&#8230;<\/p>\n","protected":false},"author":2,"featured_media":12807,"parent":0,"menu_order":0,"comment_status":"closed","ping_status":"closed","template":"full-width.php","meta":{"content-type":"","footnotes":""},"yoast_head":"<!-- This site is optimized with the Yoast SEO plugin v21.7 - https:\/\/yoast.com\/wordpress\/plugins\/seo\/ -->\n<title>Libera\u00e7\u00e3o Miofascial - Michelle Bond Clinic | Lisboa<\/title>\n<meta name=\"description\" content=\"A Libera\u00e7\u00e3o Miofascial \u00e9 uma terapia f\u00edsica e manual utilizada para o tratamento e recupera\u00e7\u00e3o eficazes de tens\u00f5es e restri\u00e7\u00f5es de tecidos moles e fasciais.\" \/>\n<meta name=\"robots\" content=\"index, follow, max-snippet:-1, max-image-preview:large, max-video-preview:-1\" \/>\n<link rel=\"canonical\" href=\"https:\/\/clientes.space\/michele-bond\/website\/liberacao-miofascial\/\" \/>\n<meta property=\"og:locale\" content=\"pt_PT\" \/>\n<meta property=\"og:type\" content=\"article\" \/>\n<meta property=\"og:title\" content=\"Libera\u00e7\u00e3o Miofascial - Michelle Bond Clinic | Lisboa\" \/>\n<meta property=\"og:description\" content=\"A Libera\u00e7\u00e3o Miofascial \u00e9 uma terapia f\u00edsica e manual utilizada para o tratamento e recupera\u00e7\u00e3o eficazes de tens\u00f5es e restri\u00e7\u00f5es de tecidos moles e fasciais.\" \/>\n<meta property=\"og:url\" content=\"https:\/\/clientes.space\/michele-bond\/website\/liberacao-miofascial\/\" \/>\n<meta property=\"og:site_name\" content=\"Michelle Bond Clinic | Lisboa\" \/>\n<meta property=\"article:modified_time\" content=\"2023-09-22T13:11:13+00:00\" \/>\n<meta property=\"og:image\" content=\"https:\/\/clientes.space\/michele-bond\/website\/wp-content\/uploads\/2021\/11\/Liberacao-Miofascial.jpg\" \/>\n\t<meta property=\"og:image:width\" content=\"1600\" \/>\n\t<meta property=\"og:image:height\" content=\"900\" \/>\n\t<meta property=\"og:image:type\" content=\"image\/jpeg\" \/>\n<meta name=\"twitter:card\" content=\"summary_large_image\" \/>\n<meta name=\"twitter:label1\" content=\"Tempo estimado de leitura\" \/>\n\t<meta name=\"twitter:data1\" content=\"5 minutos\" \/>\n<script type=\"application\/ld+json\" class=\"yoast-schema-graph\">{\"@context\":\"https:\/\/schema.org\",\"@graph\":[{\"@type\":\"WebPage\",\"@id\":\"https:\/\/clientes.space\/michele-bond\/website\/liberacao-miofascial\/\",\"url\":\"https:\/\/clientes.space\/michele-bond\/website\/liberacao-miofascial\/\",\"name\":\"Libera\u00e7\u00e3o Miofascial - Michelle Bond Clinic | Lisboa\",\"isPartOf\":{\"@id\":\"https:\/\/clientes.space\/michele-bond\/website\/#website\"},\"datePublished\":\"2021-11-26T11:56:32+00:00\",\"dateModified\":\"2023-09-22T13:11:13+00:00\",\"description\":\"A Libera\u00e7\u00e3o Miofascial \u00e9 uma terapia f\u00edsica e manual utilizada para o tratamento e recupera\u00e7\u00e3o eficazes de tens\u00f5es e restri\u00e7\u00f5es de tecidos moles e fasciais.\",\"breadcrumb\":{\"@id\":\"https:\/\/clientes.space\/michele-bond\/website\/liberacao-miofascial\/#breadcrumb\"},\"inLanguage\":\"pt-PT\",\"potentialAction\":[{\"@type\":\"ReadAction\",\"target\":[\"https:\/\/clientes.space\/michele-bond\/website\/liberacao-miofascial\/\"]}]},{\"@type\":\"BreadcrumbList\",\"@id\":\"https:\/\/clientes.space\/michele-bond\/website\/liberacao-miofascial\/#breadcrumb\",\"itemListElement\":[{\"@type\":\"ListItem\",\"position\":1,\"name\":\"In\u00edcio\",\"item\":\"https:\/\/clientes.space\/michele-bond\/website\/\"},{\"@type\":\"ListItem\",\"position\":2,\"name\":\"Libera\u00e7\u00e3o Miofascial\"}]},{\"@type\":\"WebSite\",\"@id\":\"https:\/\/clientes.space\/michele-bond\/website\/#website\",\"url\":\"https:\/\/clientes.space\/michele-bond\/website\/\",\"name\":\"Michelle Bond - Holistic Health &amp; Beauty\",\"description\":\"Medicina Est\u00e9tica, Naturopatia, Nutri\u00e7\u00e3o e Fisioterapia\",\"potentialAction\":[{\"@type\":\"SearchAction\",\"target\":{\"@type\":\"EntryPoint\",\"urlTemplate\":\"https:\/\/clientes.space\/michele-bond\/website\/?s={search_term_string}\"},\"query-input\":\"required name=search_term_string\"}],\"inLanguage\":\"pt-PT\"}]}<\/script>\n<!-- \/ Yoast SEO plugin. -->","yoast_head_json":{"title":"Libera\u00e7\u00e3o Miofascial - Michelle Bond Clinic | Lisboa","description":"A Libera\u00e7\u00e3o Miofascial \u00e9 uma terapia f\u00edsica e manual utilizada para o tratamento e recupera\u00e7\u00e3o eficazes de tens\u00f5es e restri\u00e7\u00f5es de tecidos moles e fasciais.","robots":{"index":"index","follow":"follow","max-snippet":"max-snippet:-1","max-image-preview":"max-image-preview:large","max-video-preview":"max-video-preview:-1"},"canonical":"https:\/\/clientes.space\/michele-bond\/website\/liberacao-miofascial\/","og_locale":"pt_PT","og_type":"article","og_title":"Libera\u00e7\u00e3o Miofascial - Michelle Bond Clinic | Lisboa","og_description":"A Libera\u00e7\u00e3o Miofascial \u00e9 uma terapia f\u00edsica e manual utilizada para o tratamento e recupera\u00e7\u00e3o eficazes de tens\u00f5es e restri\u00e7\u00f5es de tecidos moles e fasciais.","og_url":"https:\/\/clientes.space\/michele-bond\/website\/liberacao-miofascial\/","og_site_name":"Michelle Bond Clinic | Lisboa","article_modified_time":"2023-09-22T13:11:13+00:00","og_image":[{"width":1600,"height":900,"url":"https:\/\/clientes.space\/michele-bond\/website\/wp-content\/uploads\/2021\/11\/Liberacao-Miofascial.jpg","type":"image\/jpeg"}],"twitter_card":"summary_large_image","twitter_misc":{"Tempo estimado de leitura":"5 minutos"},"schema":{"@context":"https:\/\/schema.org","@graph":[{"@type":"WebPage","@id":"https:\/\/clientes.space\/michele-bond\/website\/liberacao-miofascial\/","url":"https:\/\/clientes.space\/michele-bond\/website\/liberacao-miofascial\/","name":"Libera\u00e7\u00e3o Miofascial - Michelle Bond Clinic | Lisboa","isPartOf":{"@id":"https:\/\/clientes.space\/michele-bond\/website\/#website"},"datePublished":"2021-11-26T11:56:32+00:00","dateModified":"2023-09-22T13:11:13+00:00","description":"A Libera\u00e7\u00e3o Miofascial \u00e9 uma terapia f\u00edsica e manual utilizada para o tratamento e recupera\u00e7\u00e3o eficazes de tens\u00f5es e restri\u00e7\u00f5es de tecidos moles e fasciais.","breadcrumb":{"@id":"https:\/\/clientes.space\/michele-bond\/website\/liberacao-miofascial\/#breadcrumb"},"inLanguage":"pt-PT","potentialAction":[{"@type":"ReadAction","target":["https:\/\/clientes.space\/michele-bond\/website\/liberacao-miofascial\/"]}]},{"@type":"BreadcrumbList","@id":"https:\/\/clientes.space\/michele-bond\/website\/liberacao-miofascial\/#breadcrumb","itemListElement":[{"@type":"ListItem","position":1,"name":"In\u00edcio","item":"https:\/\/clientes.space\/michele-bond\/website\/"},{"@type":"ListItem","position":2,"name":"Libera\u00e7\u00e3o Miofascial"}]},{"@type":"WebSite","@id":"https:\/\/clientes.space\/michele-bond\/website\/#website","url":"https:\/\/clientes.space\/michele-bond\/website\/","name":"Michelle Bond - Holistic Health &amp; Beauty","description":"Medicina Est\u00e9tica, Naturopatia, Nutri\u00e7\u00e3o e Fisioterapia","potentialAction":[{"@type":"SearchAction","target":{"@type":"EntryPoint","urlTemplate":"https:\/\/clientes.space\/michele-bond\/website\/?s={search_term_string}"},"query-input":"required name=search_term_string"}],"inLanguage":"pt-PT"}]}},"_links":{"self":[{"href":"https:\/\/clientes.space\/michele-bond\/website\/wp-json\/wp\/v2\/pages\/12750"}],"collection":[{"href":"https:\/\/clientes.space\/michele-bond\/website\/wp-json\/wp\/v2\/pages"}],"about":[{"href":"https:\/\/clientes.space\/michele-bond\/website\/wp-json\/wp\/v2\/types\/page"}],"author":[{"embeddable":true,"href":"https:\/\/clientes.space\/michele-bond\/website\/wp-json\/wp\/v2\/users\/2"}],"replies":[{"embeddable":true,"href":"https:\/\/clientes.space\/michele-bond\/website\/wp-json\/wp\/v2\/comments?post=12750"}],"version-history":[{"count":6,"href":"https:\/\/clientes.space\/michele-bond\/website\/wp-json\/wp\/v2\/pages\/12750\/revisions"}],"predecessor-version":[{"id":22217,"href":"https:\/\/clientes.space\/michele-bond\/website\/wp-json\/wp\/v2\/pages\/12750\/revisions\/22217"}],"wp:featuredmedia":[{"embeddable":true,"href":"https:\/\/clientes.space\/michele-bond\/website\/wp-json\/wp\/v2\/media\/12807"}],"wp:attachment":[{"href":"https:\/\/clientes.space\/michele-bond\/website\/wp-json\/wp\/v2\/media?parent=12750"}],"curies":[{"name":"wp","href":"https:\/\/api.w.org\/{rel}","templated":true}]}}