{"id":5577,"date":"2020-05-10T08:29:32","date_gmt":"2020-05-10T08:29:32","guid":{"rendered":"https:\/\/clientes.space\/michele-bond\/website\/?page_id=5577"},"modified":"2023-09-22T18:35:41","modified_gmt":"2023-09-22T18:35:41","slug":"microagulhamento","status":"publish","type":"page","link":"https:\/\/clientes.space\/michele-bond\/website\/microagulhamento\/","title":{"rendered":"Microagulhamento"},"content":{"rendered":"<p>[vc_row content_width=&#8221;grid&#8221; el_class=&#8221;first-section&#8221; css=&#8221;.vc_custom_1481240302876{padding-top: 60px !important;}&#8221;][vc_column width=&#8221;1\/2&#8243;]<div class=\"mkdf-section-title-holder\">\n\t<h2 class=\"mkdf-section-title mkdf-section-title-small\" style=\"text-transform: none;text-align: left\">\n\tO que \u00e9 o microagulhamento?<\/h2>\n<\/div>[vc_column_text]O microagulhamento \u00e9 um tratamento est\u00e9tico que serve para remover cicatrizes de acne, disfar\u00e7ar manchas, ou outras cicatrizes, rugas ou linhas de express\u00e3o da pele. Tal \u00e9 feito atrav\u00e9s de uma estimula\u00e7\u00e3o natural tendo por base micro-agulhas que penetram na derme favorecendo a forma\u00e7\u00e3o de novas fibras de col\u00e1geno, que d\u00e3o firmeza e sustenta\u00e7\u00e3o \u00e0 pele.<\/p>\n<p>Ou seja, o tratamento \u00e9 uma forma de indu\u00e7\u00e3o de col\u00e1geno, atrav\u00e9s de uma s\u00e9rie de agulhas que penetram na pele, causando milhares de microles\u00f5es, num \u00e2ngulo vertical, para que a penetra\u00e7\u00e3o seja mais r\u00e1pida e mais precisa. O procedimento leva a um aumento da produ\u00e7\u00e3o de col\u00e1geno, o que efetivamente repara as cicatrizes, reduz a descolora\u00e7\u00e3o e revitaliza a pele com apar\u00eancia cansada.<\/p>\n<p>Este tratamento pode ser realizado de dois modos, usando um aparelho manual chamado Derma Roller ou um aparelho autom\u00e1tico chamado Dermapen. Sendo que este ultimo provou ter resultados surpreendentes.[\/vc_column_text][vc_row_inner][vc_column_inner width=&#8221;1\/2&#8243;][vc_column_text]A Dermapen revolucionou o microagulhamento na pele, tornando-o mais f\u00e1cil, seguro e menos doloroso na obten\u00e7\u00e3o de excelentes resultados, em compara\u00e7\u00e3o com o Derma Roller.<\/p>\n<p>Os resultados s\u00e3o melhores, mais duradouros e o tempo de tratamento \u00e9 mais r\u00e1pido, sendo uma excelente escolha para quem procura uma pele mais jovem e suave.[\/vc_column_text][\/vc_column_inner][vc_column_inner width=&#8221;1\/2&#8243;][vc_single_image image=&#8221;6117&#8243; img_size=&#8221;250&#215;200&#8243; alignment=&#8221;center&#8221; style=&#8221;vc_box_border_circle&#8221;][\/vc_column_inner][\/vc_row_inner][vc_empty_space][\/vc_column][vc_column width=&#8221;1\/2&#8243;]<div class=\"mkdf-section-title-holder\">\n\t<h2 class=\"mkdf-section-title mkdf-section-title-small\" style=\"text-transform: none;text-align: left\">\n\tPara quem \u00e9 indicado?<\/h2>\n<\/div>[vc_column_text]O tratamento com microagulhamento \u00e9 indicado para os seguintes de casos:<\/p>\n<p><a href=\"https:\/\/clientes.space\/michele-bond\/website\/eliminar-rugas\/\"><strong>Rejuvenescimento da pele<\/strong><\/a><\/p>\n<p>Excelentes resultados com o microagulhamento na redu\u00e7\u00e3o de rugas, firmeza da pele, redu\u00e7\u00e3o dos danos causados pelo sol (melhora o tom da pele), redu\u00e7\u00e3o de grandes poros faciais e uma apar\u00eancia geral vibrante.<\/p>\n<ul>\n<li>s\u00e3o necess\u00e1rios 3 &#8211; 6 tratamentos;<\/li>\n<li>intervalo de 4 semanas entre eles.<\/li>\n<\/ul>\n<p><a href=\"https:\/\/clientes.space\/michele-bond\/website\/tratamento-para-cicatrizes-acne\/\"><strong>Cicatrizes de acne<\/strong><\/a><\/p>\n<p>Com o microagulhamento pode-se alcan\u00e7ar resultados quase similares a tratamentos como: laser fracionado, IPL, resurfacing a laser e peelings qu\u00edmicos, sem os efeitos secund\u00e1rios negativos e tempo de inatividade.<\/p>\n<ul>\n<li>podem ser necess\u00e1rios v\u00e1rios tratamentos;<\/li>\n<li>s\u00e3o repetidos com intervalo de 6 semanas.<\/li>\n<\/ul>\n<p><a href=\"https:\/\/clientes.space\/michele-bond\/website\/tratamento-para-estrias\/\"><strong>Estrias<\/strong><\/a><\/p>\n<p>Com o microagulhamento \u00e9 poss\u00edvel tratar estrias em quase todas as partes do corpo, incluindo abd\u00f3men, pernas e seios. O tempo de tratamento depende do tamanho da estria e pode levar at\u00e9 90 minutos para uma zona grande, como a remo\u00e7\u00e3o de estrias relacionadas \u00e0 gravidez.<\/p>\n<ul>\n<li>podem ser necess\u00e1rios at\u00e9 10 tratamentos;<\/li>\n<li>intervalo de 4 &#8211; 6 semanas entre eles.<\/li>\n<li style=\"list-style-type: none;\"><\/li>\n<\/ul>\n<p>[\/vc_column_text][vc_empty_space][\/vc_column][\/vc_row][vc_row content_width=&#8221;grid&#8221; el_class=&#8221;first-section&#8221; css=&#8221;.vc_custom_1481238748781{padding-bottom: 50px !important;}&#8221;][vc_column width=&#8221;1\/2&#8243;]<div class=\"mkdf-section-title-holder\">\n\t<h2 class=\"mkdf-section-title mkdf-section-title-small\" style=\"text-transform: none;text-align: left\">\n\tDermapen vs Dermaroller<\/h2>\n<\/div>[vc_column_text]Veja as diferen\u00e7as entre os dois tipos de tratamento:<\/p>\n<p><strong>Microagulhamento com a Dermapen<\/strong><\/p>\n<ul>\n<li>M\u00ednimo dano epid\u00e9rmico, com menos dor e sangramento;<\/li>\n<li>F\u00e1cil de manusear em todos os contornos faciais;<\/li>\n<li>Devido \u00e0 entrada vertical, as agulhas penetram facilmente no tecido, sem risco de dobrar.<\/li>\n<\/ul>\n<p><strong>Microagulhamento com o Dermaroller<\/strong><\/p>\n<ul>\n<li>Doloroso e com muito sangramento, devido ao dano epid\u00e9rmico;<\/li>\n<li>Dif\u00edcil de manusear em \u00e1reas pequenas ou curvas;<\/li>\n<li>Dif\u00edcil de inserir as agulhas no tecido (e as agulhas podem entortar).<\/li>\n<\/ul>\n<p>[\/vc_column_text][vc_empty_space][\/vc_column][vc_column width=&#8221;1\/2&#8243;]<div class=\"mkdf-section-title-holder\">\n\t<h2 class=\"mkdf-section-title mkdf-section-title-small\" style=\"text-transform: none;text-align: left\">\n\tBenef\u00edcios para si<\/h2>\n<\/div>[vc_column_text]Os beneficios do microagulhamento com Dermapen s\u00e3o v\u00e1rios, entre eles:<\/p>\n<ul>\n<li>um tratamento sem dor, e com pouco tempo de inatividade;<\/li>\n<li>rejuvenescimento natural da pele obtido atrav\u00e9s da estimula\u00e7\u00e3o da produ\u00e7\u00e3o de col\u00e1geno;<\/li>\n<li>a pele fica mais suave, fresca e clara em apenas ap\u00f3s um tratamento;<\/li>\n<li>redu\u00e7\u00e3o das linhas de express\u00e3o e rugas;<\/li>\n<li>elimina\u00e7\u00e3o de cicatrizes, cicatrizes de acne, marcas de p\u00fastulas e estrias;<\/li>\n<li>os resultados s\u00e3o instant\u00e2neos e melhoram com o tempo.<\/li>\n<\/ul>\n<p>[\/vc_column_text][vc_empty_space][vc_btn title=&#8221;Veja o Antes &amp; Depois&#8221; shape=&#8221;round&#8221; color=&#8221;black&#8221; link=&#8221;url:https%3A%2F%2Fclientes.space%2Fmichele-bond%2Fwebsite%2Fresultados-antes-e-depois%2Frosto%2F&#8221;][\/vc_column][\/vc_row][vc_row css=&#8221;.vc_custom_1589097837418{background-color: #f8f8f8 !important;}&#8221;][vc_column]\n\n\t<div class=\"mkdf-call-to-action normal\" style=\"padding: 20px;\">\n\n\t\t\t\t<div class=\"mkdf-container-inner\">\n\t\t\t\t\t<div class=\"mkdf-call-to-action-row-75-25 clearfix\">\n\t\t\n\t\t\t\t<div class=\"mkdf-text-wrapper mkdf-call-to-action-column1 mkdf-call-to-action-cell\">\n\n\t\t\t\t\n\t\t\t\t\t<div class=\"mkdf-call-to-action-text\" >\n\t\t\t\t\t\t\n<h2 class=\"p1\" style=\"margin-top: 10px !important;\">Marque a sua consulta de avalia\u00e7\u00e3o<\/h2>\n\t\t\t\t\t<\/div>\n\n\t\t\t\t<\/div>\n\n\t\t\t\t\n\t\t\t\t\t<div class=\"mkdf-button-wrapper mkdf-call-to-action-column2 mkdf-call-to-action-cell\" style =\"text-align: right ;\">\n\n\t\t\t\t\t\t<a href=\"\/marcar-consulta\/\" target=\"_self\"  class=\"mkdf-btn mkdf-btn-medium mkdf-btn-solid mkdf-btn-hover-outline\"  >\t\t\t\t<span class=\"mkdf-btn-helper\" ><\/span>\t\t<span class=\"mkdf-btn-text\">Marcar J\u00e1<\/span><\/a>\n\t\t\t\t\t<\/div>\n\n\t\t\t\t\n\t\t\t<\/div>\n\n\t\t\t\t<\/div>\n\t\t\n\t<\/div>\n\n[\/vc_column][\/vc_row][vc_row content_width=&#8221;grid&#8221; css=&#8221;.vc_custom_1558430520282{border-top-width: 1px !important;border-bottom-width: 1px !important;padding-top: 60px !important;padding-bottom: 60px !important;}&#8221;][vc_column]<div class=\"mkdf-section-title-holder\">\n\t<h2 class=\"mkdf-section-title\" style=\"text-align: center\">\n\tResultados logo na primeira sess\u00e3o<\/h2>\n<\/div>[vc_video link=&#8221;https:\/\/youtu.be\/5ZEA-H9BJ3s&#8221; el_width=&#8221;80&#8243; align=&#8221;center&#8221;][\/vc_column][\/vc_row][vc_row content_width=&#8221;grid&#8221; css=&#8221;.vc_custom_1589097854945{padding-top: 90px !important;padding-bottom: 90px !important;background-color: #f8f8f8 !important;}&#8221;][vc_column]<div class=\"mkdf-section-title-holder\">\n\t<h2 class=\"mkdf-section-title mkdf-section-title-medium\" style=\"text-transform: capitalize;text-align: center\">\n\tPerguntas Frequentes<\/h2>\n<\/div><div class=\"mkdf-accordion-holder clearfix mkdf-accordion mkdf-initial \">\n\t<h5 class=\"clearfix mkdf-title-holder\">\n<span class=\"mkdf-accordion-mark mkdf-left-mark\">\n\t\t<span class=\"mkdf-accordion-mark-icon\">\n\t\t\t<span class=\"icon_plus\"><\/span>\n\t\t\t<span class=\"icon_minus-06\"><\/span>\n\t\t<\/span>\n<\/span>\n<span class=\"mkdf-tab-title\">\n\t\t<span class=\"mkdf-tab-title-inner\">\n\t\t\t\t\t\tQual \u00e9 o pre\u00e7o das sess\u00f5es?\t\t<\/span>\n<\/span>\n<\/h5>\n<div class=\"mkdf-accordion-content\">\n\t<div class=\"mkdf-accordion-content-inner\">\n\t\t[vc_column_text]<\/p>\n<ul>\n<li>1 sess\u00e3o: 95\u20ac<\/li>\n<li>3 Sess\u00f5es: 270\u20ac<\/li>\n<li>5 Sess\u00f5es: 425\u20ac<\/li>\n<\/ul>\n<p>[\/vc_column_text]\n\t\t\t<\/div>\n<\/div>\n<h5 class=\"clearfix mkdf-title-holder\">\n<span class=\"mkdf-accordion-mark mkdf-left-mark\">\n\t\t<span class=\"mkdf-accordion-mark-icon\">\n\t\t\t<span class=\"icon_plus\"><\/span>\n\t\t\t<span class=\"icon_minus-06\"><\/span>\n\t\t<\/span>\n<\/span>\n<span class=\"mkdf-tab-title\">\n\t\t<span class=\"mkdf-tab-title-inner\">\n\t\t\t\t\t\tO microagulhamento d\u00f3i?\t\t<\/span>\n<\/span>\n<\/h5>\n<div class=\"mkdf-accordion-content\">\n\t<div class=\"mkdf-accordion-content-inner\">\n\t\t[vc_column_text]\u00c9 poss\u00edvel pensar que ter v\u00e1rias micro agulhas a atuar na pele seria doloroso, mas, surpreendentemente, n\u00e3o \u00e9.<\/p>\n<p>Antes do tratamento, ser\u00e1 aplicado um anest\u00e9sico t\u00f3pico, que eliminar\u00e1 qualquer desconforto durante o processo. Claro que algumas pessoas s\u00e3o mais sens\u00edveis que outras, mas em geral o retorno que temos dos clientes \u00e9 que se pode comparar a uma massagem \u00e1spera.[\/vc_column_text]\n\t\t\t<\/div>\n<\/div>\n<h5 class=\"clearfix mkdf-title-holder\">\n<span class=\"mkdf-accordion-mark mkdf-left-mark\">\n\t\t<span class=\"mkdf-accordion-mark-icon\">\n\t\t\t<span class=\"icon_plus\"><\/span>\n\t\t\t<span class=\"icon_minus-06\"><\/span>\n\t\t<\/span>\n<\/span>\n<span class=\"mkdf-tab-title\">\n\t\t<span class=\"mkdf-tab-title-inner\">\n\t\t\t\t\t\tO microagulhamento \u00e9 seguro?\t\t<\/span>\n<\/span>\n<\/h5>\n<div class=\"mkdf-accordion-content\">\n\t<div class=\"mkdf-accordion-content-inner\">\n\t\t[vc_column_text]Sim, o tratamento \u00e9 seguro. O microagulhamento n\u00e3o penetra na barreira natural da pele, penetra apenas na epiderme para estimular a produ\u00e7\u00e3o de col\u00e1geno.<\/p>\n<p>A epiderme cicatriza rapidamente, geralmente em quest\u00e3o de horas, podendo a pele volta ao normal dentro de 48 horas.[\/vc_column_text]\n\t\t\t<\/div>\n<\/div>\n<h5 class=\"clearfix mkdf-title-holder\">\n<span class=\"mkdf-accordion-mark mkdf-left-mark\">\n\t\t<span class=\"mkdf-accordion-mark-icon\">\n\t\t\t<span class=\"icon_plus\"><\/span>\n\t\t\t<span class=\"icon_minus-06\"><\/span>\n\t\t<\/span>\n<\/span>\n<span class=\"mkdf-tab-title\">\n\t\t<span class=\"mkdf-tab-title-inner\">\n\t\t\t\t\t\tComo \u00e9 o processo de recupera\u00e7\u00e3o?\t\t<\/span>\n<\/span>\n<\/h5>\n<div class=\"mkdf-accordion-content\">\n\t<div class=\"mkdf-accordion-content-inner\">\n\t\t[vc_column_text]O processo de recupera\u00e7\u00e3o varia. Poder\u00e1 ver os resultados imediatamente ap\u00f3s o tratamento, mas, no entanto estes ser\u00e3o mais vis\u00edveis nas semanas seguintes.[\/vc_column_text]\n\t\t\t<\/div>\n<\/div>\n<\/div>[vc_empty_space][\/vc_column][\/vc_row][vc_row content_width=&#8221;grid&#8221; css=&#8221;.vc_custom_1558430204954{border-top-width: 1px !important;border-bottom-width: 1px !important;padding-top: 60px !important;padding-bottom: 60px !important;}&#8221;][vc_column]<div class=\"mkdf-section-title-holder\">\n\t<h2 class=\"mkdf-section-title\" style=\"text-align: center\">\n\tOutros tratamentos para deixar a pele radiante e jovial<\/h2>\n<\/div><div class=\"mkdf-section-subtitle-holder mkdf-section-subtitle-center\" >\n\t<p style=\"text-align: center\" class=\"mkdf-section-subtitle\">Saiba mais sobre cada um deles!<\/p>\n<\/div><div class=\"mkdf-carousel-holder clearfix mkdf-carousel-three-rows mkdf-carousel-navigation\"><div class=\"mkdf-carousel \" data-items=\"3\" data-navigation=\"yes\"><\/div><\/div>[vc_empty_space]<a href=\"\/tratamentos-de-rosto\/\" target=\"_self\"  class=\"mkdf-btn mkdf-btn-medium mkdf-btn-solid mkdf-btn-hover-outline\"  >\n\t\n\t\t\t<span class=\"mkdf-btn-helper\" ><\/span>\n\t\t<span class=\"mkdf-btn-text\">Todos os tratamentos de rosto<\/span>\n<\/a>[\/vc_column][\/vc_row][vc_row content_width=&#8221;grid&#8221; css=&#8221;.vc_custom_1592934115816{border-top-width: 1px !important;border-bottom-width: 1px !important;padding-top: 60px !important;padding-bottom: 60px !important;background-color: #f8f8f8 !important;}&#8221; el_id=&#8221;logo-revistas&#8221;][vc_column][vc_column_text]\n\t\t<style>\n\t\t\t#wpls-logo-showcase-slider-1 .wpls-fix-box,\n\t\t\t#wpls-logo-showcase-slider-1 .wpls-fix-box img.wp-post-image{max-height:250px; }\n\t\t<\/style>\n\n\t\t<div class=\"wpls-wrap wpls-logo-showcase-slider-wrp wpls-logo-clearfix wpls-design-1 \" data-conf=\"{&quot;slides_column&quot;:&quot;4&quot;,&quot;slides_scroll&quot;:1,&quot;dots&quot;:&quot;true&quot;,&quot;arrows&quot;:&quot;true&quot;,&quot;autoplay&quot;:&quot;true&quot;,&quot;autoplay_interval&quot;:3000,&quot;loop&quot;:&quot;true&quot;,&quot;rtl&quot;:&quot;false&quot;,&quot;speed&quot;:800,&quot;center_mode&quot;:&quot;false&quot;,&quot;lazyload&quot;:&quot;&quot;}\">\n\t\t\t<div class=\"wpls-logo-showcase logo_showcase wpls-logo-slider  sliderimage_hide_border \" id=\"wpls-logo-showcase-slider-1\" >\n\t\t\t\t<div class=\"wpls-logo-cnt\">\n\t<div class=\"wpls-fix-box\">\n\t\t\t\t<img class=\"wp-post-image\"  src=\"https:\/\/clientes.space\/michele-bond\/website\/wp-content\/uploads\/2018\/08\/womens-health-1.png\" alt=\"womens-health\" \/>\n\t\t\t<\/div>\n\t<\/div><div class=\"wpls-logo-cnt\">\n\t<div class=\"wpls-fix-box\">\n\t\t\t\t<img class=\"wp-post-image\"  src=\"https:\/\/clientes.space\/michele-bond\/website\/wp-content\/uploads\/2018\/08\/Rede_Vida_logo-1.png\" alt=\"Rede_Vida\" \/>\n\t\t\t<\/div>\n\t<\/div><div class=\"wpls-logo-cnt\">\n\t<div class=\"wpls-fix-box\">\n\t\t\t\t<img class=\"wp-post-image\"  src=\"https:\/\/clientes.space\/michele-bond\/website\/wp-content\/uploads\/2018\/08\/forever_young_logo.png\" alt=\"forever_young\" \/>\n\t\t\t<\/div>\n\t<\/div><div class=\"wpls-logo-cnt\">\n\t<div class=\"wpls-fix-box\">\n\t\t\t\t<img class=\"wp-post-image\"  src=\"https:\/\/clientes.space\/michele-bond\/website\/wp-content\/uploads\/2018\/08\/SVBlog_Logo-1.png\" alt=\"SVBlog\" \/>\n\t\t\t<\/div>\n\t<\/div>\t\t\t<\/div>\n\t\t<\/div>\n\n\t\t[\/vc_column_text][\/vc_column][\/vc_row][vc_row row_type=&#8221;parallax&#8221; full_screen_section_height=&#8221;no&#8221; parallax_background_image=&#8221;164&#8243; css=&#8221;.vc_custom_1481238989291{padding-top: 65px !important;padding-bottom: 65px !important;}&#8221;][vc_column]<div class=\"mkdf-section-title-holder\">\n\t<h2 class=\"mkdf-section-title mkdf-section-title-medium\" style=\"color: #ffffff;text-transform: capitalize;text-align: center\">\n\tClientes Satisfeitos<\/h2>\n<\/div>[vc_empty_space]<div class=\"mkdf-testimonials-holder clearfix light\"><div class=\"mkdf-testimonials testimonials-slider\"><div id=\"mkdf-testimonials83\" class=\"mkdf-testimonial-content testimonials-slider\">\n\t<div class=\"mkdf-testimonial-content-inner\">\n\t\t\t\t\t<div class= \"mkdf-container-inner\">\n\t\t\t\t<div class=\"mkdf-testimonial-text-holder\">\n\t\t\t<div class=\"mkdf-testimonial-text-inner light\">\n\t\t\t\t\t\t\t\t<p class=\"mkdf-testimonial-text\" >Depois de ter o meu segundo filho, e de maus h\u00e1bitos alimentares, ganhei muito peso. Com o acompanhamento que tive na Cl\u00ednica consegui perder 7 quilos e agora sinto-me muito bem! Obrigado a todos.<\/p>\n\t\t\t\t\t\t\t\t\t<div class=\"mkdf-testimonial-author\">\n\t\t\t\t\t\t<h3 class=\"mkdf-testimonial-author-text light\">F\u00e1tima (38 Anos)<\/h3>\n\t\t\t\t\t\t\t\t\t\t\t\t\t<span class=\"mkdf-testimonials-job light\">Lisboa<\/span>\n\t\t\t\t\t\t\t\t\t\t\t<\/div>\n\t\t\t\t\t\t\t<\/div>\n\t\t<\/div>\n\n\t\t\t\t\t<\/div>\n\t\t\t<\/div>\n<\/div>\n<div id=\"mkdf-testimonials82\" class=\"mkdf-testimonial-content testimonials-slider\">\n\t<div class=\"mkdf-testimonial-content-inner\">\n\t\t\t\t\t<div class= \"mkdf-container-inner\">\n\t\t\t\t<div class=\"mkdf-testimonial-text-holder\">\n\t\t\t<div class=\"mkdf-testimonial-text-inner light\">\n\t\t\t\t\t\t\t\t<p class=\"mkdf-testimonial-text\" >Sempre tive muitas dificuldades em dormir, tentei muitas terapias mas s\u00f3 com a ajuda da Dra Michelle \u00e9 que descobri o que \u00e9 uma boa noite de sono. Sou hoje uma pessoa diferente e com muito mais energia.<\/p>\n\t\t\t\t\t\t\t\t\t<div class=\"mkdf-testimonial-author\">\n\t\t\t\t\t\t<h3 class=\"mkdf-testimonial-author-text light\">Carla (45 Anos)<\/h3>\n\t\t\t\t\t\t\t\t\t\t\t\t\t<span class=\"mkdf-testimonials-job light\">Alg\u00e9s<\/span>\n\t\t\t\t\t\t\t\t\t\t\t<\/div>\n\t\t\t\t\t\t\t<\/div>\n\t\t<\/div>\n\n\t\t\t\t\t<\/div>\n\t\t\t<\/div>\n<\/div>\n<\/div><\/div>[\/vc_column][\/vc_row][vc_row][vc_column]\n\n\t<div class=\"mkdf-call-to-action normal\" style=\"padding: 20px;\">\n\n\t\t\t\t<div class=\"mkdf-container-inner\">\n\t\t\t\t\t<div class=\"mkdf-call-to-action-row-75-25 clearfix\">\n\t\t\n\t\t\t\t<div class=\"mkdf-text-wrapper mkdf-call-to-action-column1 mkdf-call-to-action-cell\">\n\n\t\t\t\t\n\t\t\t\t\t<div class=\"mkdf-call-to-action-text\" >\n\t\t\t\t\t\t\n<h2 class=\"p1\" style=\"margin-top: 10px !important;\">Agende hoje a sua consulta<\/h2>\n\t\t\t\t\t<\/div>\n\n\t\t\t\t<\/div>\n\n\t\t\t\t\n\t\t\t\t\t<div class=\"mkdf-button-wrapper mkdf-call-to-action-column2 mkdf-call-to-action-cell\" style =\"text-align: right ;\">\n\n\t\t\t\t\t\t<a href=\"\/marcar-consulta\/\" target=\"_self\"  class=\"mkdf-btn mkdf-btn-medium mkdf-btn-solid mkdf-btn-hover-outline\"  >\t\t\t\t<span class=\"mkdf-btn-helper\" ><\/span>\t\t<span class=\"mkdf-btn-text\">Marque Agora<\/span><\/a>\n\t\t\t\t\t<\/div>\n\n\t\t\t\t\n\t\t\t<\/div>\n\n\t\t\t\t<\/div>\n\t\t\n\t<\/div>\n\n[\/vc_column][\/vc_row]<\/p>\n","protected":false},"excerpt":{"rendered":"<p>[vc_row content_width=&#8221;grid&#8221; el_class=&#8221;first-section&#8221; css=&#8221;.vc_custom_1481240302876{padding-top: 60px !important;}&#8221;][vc_column width=&#8221;1\/2&#8243;][vc_column_text]O microagulhamento \u00e9 um tratamento est\u00e9tico que serve para remover cicatrizes de acne, disfar\u00e7ar&#8230;<\/p>\n","protected":false},"author":2,"featured_media":6118,"parent":0,"menu_order":0,"comment_status":"closed","ping_status":"closed","template":"full-width.php","meta":{"content-type":"","footnotes":""},"yoast_head":"<!-- This site is optimized with the Yoast SEO plugin v21.7 - https:\/\/yoast.com\/wordpress\/plugins\/seo\/ -->\n<title>Microagulhamento - Michelle Bond Clinic | Lisboa - Parque das Na\u00e7\u00f5es<\/title>\n<meta name=\"description\" content=\"O Microagulhamento \u00e9 um tratamento est\u00e9tico que serve para remover cicatrizes de acne, disfar\u00e7ar manchas, ou outras cicatrizes, rugas\" \/>\n<meta name=\"robots\" content=\"index, follow, max-snippet:-1, max-image-preview:large, max-video-preview:-1\" \/>\n<link rel=\"canonical\" href=\"https:\/\/clientes.space\/michele-bond\/website\/microagulhamento\/\" \/>\n<meta property=\"og:locale\" content=\"pt_PT\" \/>\n<meta property=\"og:type\" content=\"article\" \/>\n<meta property=\"og:title\" content=\"Microagulhamento - Michelle Bond Clinic | Lisboa - Parque das Na\u00e7\u00f5es\" \/>\n<meta property=\"og:description\" content=\"O Microagulhamento \u00e9 um tratamento est\u00e9tico que serve para remover cicatrizes de acne, disfar\u00e7ar manchas, ou outras cicatrizes, rugas\" \/>\n<meta property=\"og:url\" content=\"https:\/\/clientes.space\/michele-bond\/website\/microagulhamento\/\" \/>\n<meta property=\"og:site_name\" content=\"Michelle Bond Clinic | Lisboa\" \/>\n<meta property=\"article:modified_time\" content=\"2023-09-22T18:35:41+00:00\" \/>\n<meta property=\"og:image\" content=\"https:\/\/clientes.space\/michele-bond\/website\/wp-content\/uploads\/2020\/06\/Microagulhamento.jpg\" \/>\n\t<meta property=\"og:image:width\" content=\"1700\" \/>\n\t<meta property=\"og:image:height\" content=\"965\" \/>\n\t<meta property=\"og:image:type\" content=\"image\/jpeg\" \/>\n<meta name=\"twitter:card\" content=\"summary_large_image\" \/>\n<meta name=\"twitter:label1\" content=\"Tempo estimado de leitura\" \/>\n\t<meta name=\"twitter:data1\" content=\"5 minutos\" \/>\n<script type=\"application\/ld+json\" class=\"yoast-schema-graph\">{\"@context\":\"https:\/\/schema.org\",\"@graph\":[{\"@type\":\"WebPage\",\"@id\":\"https:\/\/clientes.space\/michele-bond\/website\/microagulhamento\/\",\"url\":\"https:\/\/clientes.space\/michele-bond\/website\/microagulhamento\/\",\"name\":\"Microagulhamento - Michelle Bond Clinic | Lisboa - Parque das Na\u00e7\u00f5es\",\"isPartOf\":{\"@id\":\"https:\/\/clientes.space\/michele-bond\/website\/#website\"},\"datePublished\":\"2020-05-10T08:29:32+00:00\",\"dateModified\":\"2023-09-22T18:35:41+00:00\",\"description\":\"O Microagulhamento \u00e9 um tratamento est\u00e9tico que serve para remover cicatrizes de acne, disfar\u00e7ar manchas, ou outras cicatrizes, rugas\",\"breadcrumb\":{\"@id\":\"https:\/\/clientes.space\/michele-bond\/website\/microagulhamento\/#breadcrumb\"},\"inLanguage\":\"pt-PT\",\"potentialAction\":[{\"@type\":\"ReadAction\",\"target\":[\"https:\/\/clientes.space\/michele-bond\/website\/microagulhamento\/\"]}]},{\"@type\":\"BreadcrumbList\",\"@id\":\"https:\/\/clientes.space\/michele-bond\/website\/microagulhamento\/#breadcrumb\",\"itemListElement\":[{\"@type\":\"ListItem\",\"position\":1,\"name\":\"In\u00edcio\",\"item\":\"https:\/\/clientes.space\/michele-bond\/website\/\"},{\"@type\":\"ListItem\",\"position\":2,\"name\":\"Microagulhamento\"}]},{\"@type\":\"WebSite\",\"@id\":\"https:\/\/clientes.space\/michele-bond\/website\/#website\",\"url\":\"https:\/\/clientes.space\/michele-bond\/website\/\",\"name\":\"Michelle Bond - Holistic Health &amp; Beauty\",\"description\":\"Medicina Est\u00e9tica, Naturopatia, Nutri\u00e7\u00e3o e Fisioterapia\",\"potentialAction\":[{\"@type\":\"SearchAction\",\"target\":{\"@type\":\"EntryPoint\",\"urlTemplate\":\"https:\/\/clientes.space\/michele-bond\/website\/?s={search_term_string}\"},\"query-input\":\"required name=search_term_string\"}],\"inLanguage\":\"pt-PT\"}]}<\/script>\n<!-- \/ Yoast SEO plugin. -->","yoast_head_json":{"title":"Microagulhamento - Michelle Bond Clinic | Lisboa - Parque das Na\u00e7\u00f5es","description":"O Microagulhamento \u00e9 um tratamento est\u00e9tico que serve para remover cicatrizes de acne, disfar\u00e7ar manchas, ou outras cicatrizes, rugas","robots":{"index":"index","follow":"follow","max-snippet":"max-snippet:-1","max-image-preview":"max-image-preview:large","max-video-preview":"max-video-preview:-1"},"canonical":"https:\/\/clientes.space\/michele-bond\/website\/microagulhamento\/","og_locale":"pt_PT","og_type":"article","og_title":"Microagulhamento - Michelle Bond Clinic | Lisboa - Parque das Na\u00e7\u00f5es","og_description":"O Microagulhamento \u00e9 um tratamento est\u00e9tico que serve para remover cicatrizes de acne, disfar\u00e7ar manchas, ou outras cicatrizes, rugas","og_url":"https:\/\/clientes.space\/michele-bond\/website\/microagulhamento\/","og_site_name":"Michelle Bond Clinic | Lisboa","article_modified_time":"2023-09-22T18:35:41+00:00","og_image":[{"width":1700,"height":965,"url":"https:\/\/clientes.space\/michele-bond\/website\/wp-content\/uploads\/2020\/06\/Microagulhamento.jpg","type":"image\/jpeg"}],"twitter_card":"summary_large_image","twitter_misc":{"Tempo estimado de leitura":"5 minutos"},"schema":{"@context":"https:\/\/schema.org","@graph":[{"@type":"WebPage","@id":"https:\/\/clientes.space\/michele-bond\/website\/microagulhamento\/","url":"https:\/\/clientes.space\/michele-bond\/website\/microagulhamento\/","name":"Microagulhamento - Michelle Bond Clinic | Lisboa - Parque das Na\u00e7\u00f5es","isPartOf":{"@id":"https:\/\/clientes.space\/michele-bond\/website\/#website"},"datePublished":"2020-05-10T08:29:32+00:00","dateModified":"2023-09-22T18:35:41+00:00","description":"O Microagulhamento \u00e9 um tratamento est\u00e9tico que serve para remover cicatrizes de acne, disfar\u00e7ar manchas, ou outras cicatrizes, rugas","breadcrumb":{"@id":"https:\/\/clientes.space\/michele-bond\/website\/microagulhamento\/#breadcrumb"},"inLanguage":"pt-PT","potentialAction":[{"@type":"ReadAction","target":["https:\/\/clientes.space\/michele-bond\/website\/microagulhamento\/"]}]},{"@type":"BreadcrumbList","@id":"https:\/\/clientes.space\/michele-bond\/website\/microagulhamento\/#breadcrumb","itemListElement":[{"@type":"ListItem","position":1,"name":"In\u00edcio","item":"https:\/\/clientes.space\/michele-bond\/website\/"},{"@type":"ListItem","position":2,"name":"Microagulhamento"}]},{"@type":"WebSite","@id":"https:\/\/clientes.space\/michele-bond\/website\/#website","url":"https:\/\/clientes.space\/michele-bond\/website\/","name":"Michelle Bond - Holistic Health &amp; Beauty","description":"Medicina Est\u00e9tica, Naturopatia, Nutri\u00e7\u00e3o e Fisioterapia","potentialAction":[{"@type":"SearchAction","target":{"@type":"EntryPoint","urlTemplate":"https:\/\/clientes.space\/michele-bond\/website\/?s={search_term_string}"},"query-input":"required name=search_term_string"}],"inLanguage":"pt-PT"}]}},"_links":{"self":[{"href":"https:\/\/clientes.space\/michele-bond\/website\/wp-json\/wp\/v2\/pages\/5577"}],"collection":[{"href":"https:\/\/clientes.space\/michele-bond\/website\/wp-json\/wp\/v2\/pages"}],"about":[{"href":"https:\/\/clientes.space\/michele-bond\/website\/wp-json\/wp\/v2\/types\/page"}],"author":[{"embeddable":true,"href":"https:\/\/clientes.space\/michele-bond\/website\/wp-json\/wp\/v2\/users\/2"}],"replies":[{"embeddable":true,"href":"https:\/\/clientes.space\/michele-bond\/website\/wp-json\/wp\/v2\/comments?post=5577"}],"version-history":[{"count":22,"href":"https:\/\/clientes.space\/michele-bond\/website\/wp-json\/wp\/v2\/pages\/5577\/revisions"}],"predecessor-version":[{"id":22346,"href":"https:\/\/clientes.space\/michele-bond\/website\/wp-json\/wp\/v2\/pages\/5577\/revisions\/22346"}],"wp:featuredmedia":[{"embeddable":true,"href":"https:\/\/clientes.space\/michele-bond\/website\/wp-json\/wp\/v2\/media\/6118"}],"wp:attachment":[{"href":"https:\/\/clientes.space\/michele-bond\/website\/wp-json\/wp\/v2\/media?parent=5577"}],"curies":[{"name":"wp","href":"https:\/\/api.w.org\/{rel}","templated":true}]}}