{"id":21330,"date":"2023-05-06T19:33:00","date_gmt":"2023-05-06T19:33:00","guid":{"rendered":"https:\/\/clientes.space\/michele-bond\/website\/en_US\/?post_type=product&#038;p=21330"},"modified":"2023-05-07T12:41:32","modified_gmt":"2023-05-07T12:41:32","slug":"plano-de-dieta-de-14-dias","status":"publish","type":"product","link":"https:\/\/clientes.space\/michele-bond\/website\/produto\/plano-de-dieta-de-14-dias\/","title":{"rendered":"Plano de Dieta de 14 Dias"},"content":{"rendered":"<h3 style=\"text-align: center;\">Plano alimentar mensal feito \u00e0 medida e f\u00e1cil de seguir<\/h3>\n<p>As nutricionistas da Cl\u00ednica Michelle Bond criam um plano alimentar que \u00e9 projetado para ajud\u00e1-lo a atingir seus objetivos da maneira mais f\u00e1cil e segura poss\u00edvel.<\/p>\n<h4><strong>Como funciona?<\/strong><\/h4>\n<ol>\n<li>Ao adquirir o plano, voc\u00ea receber\u00e1 um question\u00e1rio. Elaboramos o seu plano alimentar de acordo com as suas respostas, tendo em considera\u00e7\u00e3o:<br \/>\n&#8211; os seus <strong>objetivos<\/strong>,<br \/>\n&#8211; as suas <strong>prefer\u00eancias<\/strong> e <strong>pedidos pessoais<\/strong>,<br \/>\n&#8211; <strong>estado de sa\u00fade<\/strong>.<\/li>\n<li>Ap\u00f3s 3 dias, voc\u00ea obt\u00e9m um plano de 14 dias que inclui receitas deliciosas e saud\u00e1veis;<\/li>\n<li>Para facilitar as compras, tamb\u00e9m inclu\u00edmos uma lista de compras que o ajudar\u00e1 a encontrar todos os ingredientes necess\u00e1rios mais rapidamente no supermercado.<\/li>\n<\/ol>\n<h4><strong>A nossa garantia<\/strong><\/h4>\n<p>O seu plano alimentar <strong>n\u00e3o ser\u00e1 uma dieta restritiva<\/strong>. Em vez de se sentir privado, voc\u00ea ir\u00e1 comer uma variedade completa de alimentos nutritivos que o manter\u00e3o saciado, enquanto atinge uma <strong>perda de peso saud\u00e1vel<\/strong>.<\/p>\n<p>Ao ensinar-lhe h\u00e1bitos alimentares saud\u00e1veis, voc\u00ea ter\u00e1 <strong>resultados sustent\u00e1veis a longo prazo<\/strong>. N\u00e3o queremos que voc\u00ea se sinta deprimido. Queremos oferecer a voc\u00ea uma dieta que voc\u00ea seguir\u00e1 de bom grado a longo prazo!<\/p>\n<h4><strong>Veja resultados logo na 1\u00aa semana!<\/strong><\/h4>\n<p>&nbsp;<\/p>\n","protected":false},"excerpt":{"rendered":"<h4>Veja como voc\u00ea pode transformar a sua vida!<\/h4>\n","protected":false},"featured_media":4161,"comment_status":"open","ping_status":"closed","template":"","meta":{"content-type":""},"product_cat":[673],"product_tag":[],"yoast_head":"<!-- This site is optimized with the Yoast SEO plugin v21.7 - https:\/\/yoast.com\/wordpress\/plugins\/seo\/ -->\n<title>Plano de Dieta de 14 Dias Personalizado - Compre Online<\/title>\n<meta name=\"description\" content=\"Obtenha um plano de dieta personalizado realizado por especialistas em nutri\u00e7\u00e3o. Veja resultados logo na primeira semana!\" \/>\n<meta name=\"robots\" content=\"index, follow, max-snippet:-1, max-image-preview:large, max-video-preview:-1\" \/>\n<link rel=\"canonical\" href=\"https:\/\/clientes.space\/michele-bond\/website\/produto\/plano-de-dieta-de-14-dias\/\" \/>\n<meta property=\"og:locale\" content=\"pt_PT\" \/>\n<meta property=\"og:type\" content=\"article\" \/>\n<meta property=\"og:title\" content=\"Plano de Dieta de 14 Dias Personalizado - Compre Online\" \/>\n<meta property=\"og:description\" content=\"Obtenha um plano de dieta personalizado realizado por especialistas em nutri\u00e7\u00e3o. Veja resultados logo na primeira semana!\" \/>\n<meta property=\"og:url\" content=\"https:\/\/clientes.space\/michele-bond\/website\/produto\/plano-de-dieta-de-14-dias\/\" \/>\n<meta property=\"og:site_name\" content=\"Michelle Bond Clinic | Lisboa\" \/>\n<meta property=\"article:modified_time\" content=\"2023-05-07T12:41:32+00:00\" \/>\n<meta property=\"og:image\" content=\"https:\/\/clientes.space\/michele-bond\/website\/wp-content\/uploads\/2015\/12\/b-image-5.jpg\" \/>\n\t<meta property=\"og:image:width\" content=\"1300\" \/>\n\t<meta property=\"og:image:height\" content=\"700\" \/>\n\t<meta property=\"og:image:type\" content=\"image\/jpeg\" \/>\n<meta name=\"twitter:card\" content=\"summary_large_image\" \/>\n<meta name=\"twitter:label1\" content=\"Tempo estimado de leitura\" \/>\n\t<meta name=\"twitter:data1\" content=\"1 minuto\" \/>\n<script type=\"application\/ld+json\" class=\"yoast-schema-graph\">{\"@context\":\"https:\/\/schema.org\",\"@graph\":[{\"@type\":\"WebPage\",\"@id\":\"https:\/\/clientes.space\/michele-bond\/website\/produto\/plano-de-dieta-de-14-dias\/\",\"url\":\"https:\/\/clientes.space\/michele-bond\/website\/produto\/plano-de-dieta-de-14-dias\/\",\"name\":\"Plano de Dieta de 14 Dias Personalizado - Compre Online\",\"isPartOf\":{\"@id\":\"https:\/\/clientes.space\/michele-bond\/website\/#website\"},\"datePublished\":\"2023-05-06T19:33:00+00:00\",\"dateModified\":\"2023-05-07T12:41:32+00:00\",\"description\":\"Obtenha um plano de dieta personalizado realizado por especialistas em nutri\u00e7\u00e3o. Veja resultados logo na primeira semana!\",\"breadcrumb\":{\"@id\":\"https:\/\/clientes.space\/michele-bond\/website\/produto\/plano-de-dieta-de-14-dias\/#breadcrumb\"},\"inLanguage\":\"pt-PT\",\"potentialAction\":[{\"@type\":\"ReadAction\",\"target\":[\"https:\/\/clientes.space\/michele-bond\/website\/produto\/plano-de-dieta-de-14-dias\/\"]}]},{\"@type\":\"BreadcrumbList\",\"@id\":\"https:\/\/clientes.space\/michele-bond\/website\/produto\/plano-de-dieta-de-14-dias\/#breadcrumb\",\"itemListElement\":[{\"@type\":\"ListItem\",\"position\":1,\"name\":\"In\u00edcio\",\"item\":\"https:\/\/clientes.space\/michele-bond\/website\/\"},{\"@type\":\"ListItem\",\"position\":2,\"name\":\"Loja\",\"item\":\"https:\/\/clientes.space\/michele-bond\/website\/loja-todos\/\"},{\"@type\":\"ListItem\",\"position\":3,\"name\":\"Plano de Dieta de 14 Dias\"}]},{\"@type\":\"WebSite\",\"@id\":\"https:\/\/clientes.space\/michele-bond\/website\/#website\",\"url\":\"https:\/\/clientes.space\/michele-bond\/website\/\",\"name\":\"Michelle Bond - Holistic Health &amp; Beauty\",\"description\":\"Medicina Est\u00e9tica, Naturopatia, Nutri\u00e7\u00e3o e Fisioterapia\",\"potentialAction\":[{\"@type\":\"SearchAction\",\"target\":{\"@type\":\"EntryPoint\",\"urlTemplate\":\"https:\/\/clientes.space\/michele-bond\/website\/?s={search_term_string}\"},\"query-input\":\"required name=search_term_string\"}],\"inLanguage\":\"pt-PT\"}]}<\/script>\n<!-- \/ Yoast SEO plugin. -->","yoast_head_json":{"title":"Plano de Dieta de 14 Dias Personalizado - Compre Online","description":"Obtenha um plano de dieta personalizado realizado por especialistas em nutri\u00e7\u00e3o. Veja resultados logo na primeira semana!","robots":{"index":"index","follow":"follow","max-snippet":"max-snippet:-1","max-image-preview":"max-image-preview:large","max-video-preview":"max-video-preview:-1"},"canonical":"https:\/\/clientes.space\/michele-bond\/website\/produto\/plano-de-dieta-de-14-dias\/","og_locale":"pt_PT","og_type":"article","og_title":"Plano de Dieta de 14 Dias Personalizado - Compre Online","og_description":"Obtenha um plano de dieta personalizado realizado por especialistas em nutri\u00e7\u00e3o. Veja resultados logo na primeira semana!","og_url":"https:\/\/clientes.space\/michele-bond\/website\/produto\/plano-de-dieta-de-14-dias\/","og_site_name":"Michelle Bond Clinic | Lisboa","article_modified_time":"2023-05-07T12:41:32+00:00","og_image":[{"width":1300,"height":700,"url":"https:\/\/clientes.space\/michele-bond\/website\/wp-content\/uploads\/2015\/12\/b-image-5.jpg","type":"image\/jpeg"}],"twitter_card":"summary_large_image","twitter_misc":{"Tempo estimado de leitura":"1 minuto"},"schema":{"@context":"https:\/\/schema.org","@graph":[{"@type":"WebPage","@id":"https:\/\/clientes.space\/michele-bond\/website\/produto\/plano-de-dieta-de-14-dias\/","url":"https:\/\/clientes.space\/michele-bond\/website\/produto\/plano-de-dieta-de-14-dias\/","name":"Plano de Dieta de 14 Dias Personalizado - Compre Online","isPartOf":{"@id":"https:\/\/clientes.space\/michele-bond\/website\/#website"},"datePublished":"2023-05-06T19:33:00+00:00","dateModified":"2023-05-07T12:41:32+00:00","description":"Obtenha um plano de dieta personalizado realizado por especialistas em nutri\u00e7\u00e3o. Veja resultados logo na primeira semana!","breadcrumb":{"@id":"https:\/\/clientes.space\/michele-bond\/website\/produto\/plano-de-dieta-de-14-dias\/#breadcrumb"},"inLanguage":"pt-PT","potentialAction":[{"@type":"ReadAction","target":["https:\/\/clientes.space\/michele-bond\/website\/produto\/plano-de-dieta-de-14-dias\/"]}]},{"@type":"BreadcrumbList","@id":"https:\/\/clientes.space\/michele-bond\/website\/produto\/plano-de-dieta-de-14-dias\/#breadcrumb","itemListElement":[{"@type":"ListItem","position":1,"name":"In\u00edcio","item":"https:\/\/clientes.space\/michele-bond\/website\/"},{"@type":"ListItem","position":2,"name":"Loja","item":"https:\/\/clientes.space\/michele-bond\/website\/loja-todos\/"},{"@type":"ListItem","position":3,"name":"Plano de Dieta de 14 Dias"}]},{"@type":"WebSite","@id":"https:\/\/clientes.space\/michele-bond\/website\/#website","url":"https:\/\/clientes.space\/michele-bond\/website\/","name":"Michelle Bond - Holistic Health &amp; Beauty","description":"Medicina Est\u00e9tica, Naturopatia, Nutri\u00e7\u00e3o e Fisioterapia","potentialAction":[{"@type":"SearchAction","target":{"@type":"EntryPoint","urlTemplate":"https:\/\/clientes.space\/michele-bond\/website\/?s={search_term_string}"},"query-input":"required name=search_term_string"}],"inLanguage":"pt-PT"}]}},"_links":{"self":[{"href":"https:\/\/clientes.space\/michele-bond\/website\/wp-json\/wp\/v2\/product\/21330"}],"collection":[{"href":"https:\/\/clientes.space\/michele-bond\/website\/wp-json\/wp\/v2\/product"}],"about":[{"href":"https:\/\/clientes.space\/michele-bond\/website\/wp-json\/wp\/v2\/types\/product"}],"replies":[{"embeddable":true,"href":"https:\/\/clientes.space\/michele-bond\/website\/wp-json\/wp\/v2\/comments?post=21330"}],"wp:featuredmedia":[{"embeddable":true,"href":"https:\/\/clientes.space\/michele-bond\/website\/wp-json\/wp\/v2\/media\/4161"}],"wp:attachment":[{"href":"https:\/\/clientes.space\/michele-bond\/website\/wp-json\/wp\/v2\/media?parent=21330"}],"wp:term":[{"taxonomy":"product_cat","embeddable":true,"href":"https:\/\/clientes.space\/michele-bond\/website\/wp-json\/wp\/v2\/product_cat?post=21330"},{"taxonomy":"product_tag","embeddable":true,"href":"https:\/\/clientes.space\/michele-bond\/website\/wp-json\/wp\/v2\/product_tag?post=21330"}],"curies":[{"name":"wp","href":"https:\/\/api.w.org\/{rel}","templated":true}]}}