{"id":7065,"date":"2020-11-04T18:09:53","date_gmt":"2020-11-04T18:09:53","guid":{"rendered":"https:\/\/clientes.space\/michele-bond\/website\/?post_type=product&#038;p=7065"},"modified":"2023-03-24T07:50:36","modified_gmt":"2023-03-24T07:50:36","slug":"centelha-asiatica-fharmonat","status":"publish","type":"product","link":"https:\/\/clientes.space\/michele-bond\/website\/produto\/centelha-asiatica-fharmonat\/","title":{"rendered":"Centelha Asi\u00e1tica 500ml"},"content":{"rendered":"<p>O suplemento Centelha Asi\u00e1tica possui a\u00e7\u00e3o anti-inflamat\u00f3ria. A Centelha Asi\u00e1tica (Gotu Kola) \u00e9 uma planta tropical que pertence \u00e0 fam\u00edlia da salsa e tem uma rica hist\u00f3ria de ser utilizada na medicina tradicional chinesa e indiana para tratamento de in\u00fameras doen\u00e7as e problemas de sa\u00fade. A Centelha Asi\u00e1tica foi descrita como a &#8220;Fonte de Vida&#8221;, por causa de uma lenda chinesa sobre um bot\u00e2nico Chin\u00eas que viveu mais de 200 anos, como resultado do consumo de Gotu Kola. Actualmente, a Centelha Asi\u00e1tica \u00e9 popularmente usada para melhorar a circula\u00e7\u00e3o do sangue, combater varizes, psor\u00edase e insufici\u00eancia venosa cr\u00f3nica. O Xarope Centelha Asi\u00e1tica da Fharmonat oferece-lhe todos os benef\u00edcios potenciais da Centelha Asi\u00e1tica sob a forma de um xarope de r\u00e1pida absor\u00e7\u00e3o. Suplemento alimentar descrito como \u201cFonte de Vida\u201d &#8211; Apresenta uma a\u00e7\u00e3o anti-inflamat\u00f3ria &#8211; Ajuda a melhorar a circula\u00e7\u00e3o sangu\u00ednea &#8211; Promove a elimina\u00e7\u00e3o da celulite &#8211; Ajuda a perder peso &#8211; Promove a elimina\u00e7\u00e3o de l\u00edquidos &#8211; Evita a acumula\u00e7\u00e3o de gorduras &#8211; Alivia a ansiedade e depress\u00e3o.<\/p>\n<p><strong>Quantidade:<\/strong><\/p>\n<p><span data-sheets-value=\"{&quot;1&quot;:2,&quot;2&quot;:&quot;500ml&quot;}\" data-sheets-userformat=\"{&quot;2&quot;:897,&quot;3&quot;:{&quot;1&quot;:0},&quot;10&quot;:0,&quot;11&quot;:4,&quot;12&quot;:0}\">500ml<\/span><\/p>\n<p><strong>Ingredientes:<\/strong><\/p>\n<p><span data-sheets-value=\"{&quot;1&quot;:2,&quot;2&quot;:&quot;Por 15ml:\\nCentella asi\u00e1tica (Centelha Asi\u00e1tica) \u2013 1000mg;\\nVitis vin\u00edfera (Videira Vermelha) \u2013 500mg;\\nCynara scolymus (Alcachofra) \u2013 450mg;\\n \\nGarcinia cambogia (Garcinia) \u2013 400mg;\\not\u00e1ssio \u2013 300mg (15% V. R. N*);\\nAnanas comosus (Anan\u00e1s) \u2013 75 mg&quot;}\" data-sheets-userformat=\"{&quot;2&quot;:7043,&quot;3&quot;:{&quot;1&quot;:0},&quot;4&quot;:[null,2,16777215],&quot;10&quot;:0,&quot;11&quot;:4,&quot;12&quot;:0,&quot;14&quot;:{&quot;1&quot;:2,&quot;2&quot;:0},&quot;15&quot;:&quot;inherit&quot;}\">Por 15ml:<br \/>\nCentella asi\u00e1tica (Centelha Asi\u00e1tica) \u2013 1000mg;<br \/>\nVitis vin\u00edfera (Videira Vermelha) \u2013 500mg;<br \/>\nCynara scolymus (Alcachofra) \u2013 450mg;<\/span><\/p>\n<p>Garcinia cambogia (Garcinia) \u2013 400mg;<br \/>\not\u00e1ssio \u2013 300mg (15% V. R. N*);<br \/>\nAnanas comosus (Anan\u00e1s) \u2013 75 mg<\/p>\n<p><strong>Modo de tomar:<\/strong><\/p>\n<p><span data-sheets-value=\"{&quot;1&quot;:2,&quot;2&quot;:&quot;Tomar 15ml por dia dilu\u00eddo em 1 litro de \u00e1gua.&quot;}\" data-sheets-userformat=\"{&quot;2&quot;:897,&quot;3&quot;:{&quot;1&quot;:0},&quot;10&quot;:0,&quot;11&quot;:4,&quot;12&quot;:0}\">Tomar 15ml por dia dilu\u00eddo em 1 litro de \u00e1gua.<\/span><\/p>\n<p><strong>Advert\u00eancias:<\/strong><\/p>\n<p><span data-sheets-value=\"{&quot;1&quot;:2,&quot;2&quot;:&quot;N\u00e3o ultrapassar dose di\u00e1ria recomendada; Os suplementos alimentares n\u00e3o devem ser utilizados como substitutos de um regime alimentar variado e de um estilo de vida saud\u00e1vel; Manter fora do alcance das crian\u00e7as.&quot;}\" data-sheets-userformat=\"{&quot;2&quot;:897,&quot;3&quot;:{&quot;1&quot;:0},&quot;10&quot;:0,&quot;11&quot;:4,&quot;12&quot;:0}\">N\u00e3o ultrapassar dose di\u00e1ria recomendada; Os suplementos alimentares n\u00e3o devem ser utilizados como substitutos de um regime alimentar variado e de um estilo de vida saud\u00e1vel; Manter fora do alcance das crian\u00e7as.<\/span><\/p>\n","protected":false},"excerpt":{"rendered":"<p><span data-sheets-value=\"{&quot;1&quot;:2,&quot;2&quot;:&quot;O suplemento Centelha Asi\u00e1tica possui a\u00e7\u00e3o anti-inflamat\u00f3ria, elimina celulite, perda de peso, melhora a circula\u00e7\u00e3o, al\u00e9m de aliviar a ansiedade e depress\u00e3o&quot;}\" data-sheets-userformat=\"{&quot;2&quot;:7043,&quot;3&quot;:{&quot;1&quot;:0},&quot;4&quot;:{&quot;1&quot;:2,&quot;2&quot;:16777215},&quot;10&quot;:0,&quot;11&quot;:4,&quot;12&quot;:0,&quot;14&quot;:{&quot;1&quot;:2,&quot;2&quot;:0},&quot;15&quot;:&quot;Arial&quot;}\">O suplemento Centelha Asi\u00e1tica possui a\u00e7\u00e3o anti-inflamat\u00f3ria, elimina celulite, perda de peso, melhora a circula\u00e7\u00e3o, al\u00e9m de aliviar a ansiedade e depress\u00e3o<\/span><\/p>\n","protected":false},"featured_media":7067,"comment_status":"open","ping_status":"closed","template":"","meta":{"content-type":""},"product_cat":[953,863,829,864,865,958,678,721,725],"product_tag":[],"yoast_head":"<!-- This site is optimized with the Yoast SEO plugin v21.7 - https:\/\/yoast.com\/wordpress\/plugins\/seo\/ -->\n<title>Centelha Asi\u00e1tica 500ml Fharmonat - Loja Online Michelle Bond | Lisboa<\/title>\n<meta name=\"description\" content=\"O suplemento Centelha Asi\u00e1tica Fharmonat possui a\u00e7\u00e3o anti-inflamat\u00f3ria, elimina celulite, perda de peso, melhora a circula\u00e7\u00e3o, al\u00e9m de aliviar a ansiedade e depress\u00e3o\" \/>\n<meta name=\"robots\" content=\"index, follow, max-snippet:-1, max-image-preview:large, max-video-preview:-1\" \/>\n<link rel=\"canonical\" href=\"https:\/\/clientes.space\/michele-bond\/website\/produto\/centelha-asiatica-fharmonat\/\" \/>\n<meta property=\"og:locale\" content=\"pt_PT\" \/>\n<meta property=\"og:type\" content=\"article\" \/>\n<meta property=\"og:title\" content=\"Centelha Asi\u00e1tica 500ml Fharmonat - Loja Online Michelle Bond | Lisboa\" \/>\n<meta property=\"og:description\" content=\"O suplemento Centelha Asi\u00e1tica Fharmonat possui a\u00e7\u00e3o anti-inflamat\u00f3ria, elimina celulite, perda de peso, melhora a circula\u00e7\u00e3o, al\u00e9m de aliviar a ansiedade e depress\u00e3o\" \/>\n<meta property=\"og:url\" content=\"https:\/\/clientes.space\/michele-bond\/website\/produto\/centelha-asiatica-fharmonat\/\" \/>\n<meta property=\"og:site_name\" content=\"Michelle Bond Clinic | Lisboa\" \/>\n<meta property=\"article:modified_time\" content=\"2023-03-24T07:50:36+00:00\" \/>\n<meta property=\"og:image\" content=\"https:\/\/clientes.space\/michele-bond\/website\/wp-content\/uploads\/2020\/11\/centelha-asiatica.jpg\" \/>\n\t<meta property=\"og:image:width\" content=\"450\" \/>\n\t<meta property=\"og:image:height\" content=\"600\" \/>\n\t<meta property=\"og:image:type\" content=\"image\/jpeg\" \/>\n<meta name=\"twitter:card\" content=\"summary_large_image\" \/>\n<meta name=\"twitter:label1\" content=\"Tempo estimado de leitura\" \/>\n\t<meta name=\"twitter:data1\" content=\"2 minutos\" \/>\n<script type=\"application\/ld+json\" class=\"yoast-schema-graph\">{\"@context\":\"https:\/\/schema.org\",\"@graph\":[{\"@type\":\"WebPage\",\"@id\":\"https:\/\/clientes.space\/michele-bond\/website\/produto\/centelha-asiatica-fharmonat\/\",\"url\":\"https:\/\/clientes.space\/michele-bond\/website\/produto\/centelha-asiatica-fharmonat\/\",\"name\":\"Centelha Asi\u00e1tica 500ml Fharmonat - Loja Online Michelle Bond | Lisboa\",\"isPartOf\":{\"@id\":\"https:\/\/clientes.space\/michele-bond\/website\/#website\"},\"datePublished\":\"2020-11-04T18:09:53+00:00\",\"dateModified\":\"2023-03-24T07:50:36+00:00\",\"description\":\"O suplemento Centelha Asi\u00e1tica Fharmonat possui a\u00e7\u00e3o anti-inflamat\u00f3ria, elimina celulite, perda de peso, melhora a circula\u00e7\u00e3o, al\u00e9m de aliviar a ansiedade e depress\u00e3o\",\"breadcrumb\":{\"@id\":\"https:\/\/clientes.space\/michele-bond\/website\/produto\/centelha-asiatica-fharmonat\/#breadcrumb\"},\"inLanguage\":\"pt-PT\",\"potentialAction\":[{\"@type\":\"ReadAction\",\"target\":[\"https:\/\/clientes.space\/michele-bond\/website\/produto\/centelha-asiatica-fharmonat\/\"]}]},{\"@type\":\"BreadcrumbList\",\"@id\":\"https:\/\/clientes.space\/michele-bond\/website\/produto\/centelha-asiatica-fharmonat\/#breadcrumb\",\"itemListElement\":[{\"@type\":\"ListItem\",\"position\":1,\"name\":\"In\u00edcio\",\"item\":\"https:\/\/clientes.space\/michele-bond\/website\/\"},{\"@type\":\"ListItem\",\"position\":2,\"name\":\"Loja\",\"item\":\"https:\/\/clientes.space\/michele-bond\/website\/loja-todos\/\"},{\"@type\":\"ListItem\",\"position\":3,\"name\":\"Centelha Asi\u00e1tica 500ml\"}]},{\"@type\":\"WebSite\",\"@id\":\"https:\/\/clientes.space\/michele-bond\/website\/#website\",\"url\":\"https:\/\/clientes.space\/michele-bond\/website\/\",\"name\":\"Michelle Bond - Holistic Health &amp; Beauty\",\"description\":\"Medicina Est\u00e9tica, Naturopatia, Nutri\u00e7\u00e3o e Fisioterapia\",\"potentialAction\":[{\"@type\":\"SearchAction\",\"target\":{\"@type\":\"EntryPoint\",\"urlTemplate\":\"https:\/\/clientes.space\/michele-bond\/website\/?s={search_term_string}\"},\"query-input\":\"required name=search_term_string\"}],\"inLanguage\":\"pt-PT\"}]}<\/script>\n<!-- \/ Yoast SEO plugin. -->","yoast_head_json":{"title":"Centelha Asi\u00e1tica 500ml Fharmonat - Loja Online Michelle Bond | Lisboa","description":"O suplemento Centelha Asi\u00e1tica Fharmonat possui a\u00e7\u00e3o anti-inflamat\u00f3ria, elimina celulite, perda de peso, melhora a circula\u00e7\u00e3o, al\u00e9m de aliviar a ansiedade e depress\u00e3o","robots":{"index":"index","follow":"follow","max-snippet":"max-snippet:-1","max-image-preview":"max-image-preview:large","max-video-preview":"max-video-preview:-1"},"canonical":"https:\/\/clientes.space\/michele-bond\/website\/produto\/centelha-asiatica-fharmonat\/","og_locale":"pt_PT","og_type":"article","og_title":"Centelha Asi\u00e1tica 500ml Fharmonat - Loja Online Michelle Bond | Lisboa","og_description":"O suplemento Centelha Asi\u00e1tica Fharmonat possui a\u00e7\u00e3o anti-inflamat\u00f3ria, elimina celulite, perda de peso, melhora a circula\u00e7\u00e3o, al\u00e9m de aliviar a ansiedade e depress\u00e3o","og_url":"https:\/\/clientes.space\/michele-bond\/website\/produto\/centelha-asiatica-fharmonat\/","og_site_name":"Michelle Bond Clinic | Lisboa","article_modified_time":"2023-03-24T07:50:36+00:00","og_image":[{"width":450,"height":600,"url":"https:\/\/clientes.space\/michele-bond\/website\/wp-content\/uploads\/2020\/11\/centelha-asiatica.jpg","type":"image\/jpeg"}],"twitter_card":"summary_large_image","twitter_misc":{"Tempo estimado de leitura":"2 minutos"},"schema":{"@context":"https:\/\/schema.org","@graph":[{"@type":"WebPage","@id":"https:\/\/clientes.space\/michele-bond\/website\/produto\/centelha-asiatica-fharmonat\/","url":"https:\/\/clientes.space\/michele-bond\/website\/produto\/centelha-asiatica-fharmonat\/","name":"Centelha Asi\u00e1tica 500ml Fharmonat - Loja Online Michelle Bond | Lisboa","isPartOf":{"@id":"https:\/\/clientes.space\/michele-bond\/website\/#website"},"datePublished":"2020-11-04T18:09:53+00:00","dateModified":"2023-03-24T07:50:36+00:00","description":"O suplemento Centelha Asi\u00e1tica Fharmonat possui a\u00e7\u00e3o anti-inflamat\u00f3ria, elimina celulite, perda de peso, melhora a circula\u00e7\u00e3o, al\u00e9m de aliviar a ansiedade e depress\u00e3o","breadcrumb":{"@id":"https:\/\/clientes.space\/michele-bond\/website\/produto\/centelha-asiatica-fharmonat\/#breadcrumb"},"inLanguage":"pt-PT","potentialAction":[{"@type":"ReadAction","target":["https:\/\/clientes.space\/michele-bond\/website\/produto\/centelha-asiatica-fharmonat\/"]}]},{"@type":"BreadcrumbList","@id":"https:\/\/clientes.space\/michele-bond\/website\/produto\/centelha-asiatica-fharmonat\/#breadcrumb","itemListElement":[{"@type":"ListItem","position":1,"name":"In\u00edcio","item":"https:\/\/clientes.space\/michele-bond\/website\/"},{"@type":"ListItem","position":2,"name":"Loja","item":"https:\/\/clientes.space\/michele-bond\/website\/loja-todos\/"},{"@type":"ListItem","position":3,"name":"Centelha Asi\u00e1tica 500ml"}]},{"@type":"WebSite","@id":"https:\/\/clientes.space\/michele-bond\/website\/#website","url":"https:\/\/clientes.space\/michele-bond\/website\/","name":"Michelle Bond - Holistic Health &amp; Beauty","description":"Medicina Est\u00e9tica, Naturopatia, Nutri\u00e7\u00e3o e Fisioterapia","potentialAction":[{"@type":"SearchAction","target":{"@type":"EntryPoint","urlTemplate":"https:\/\/clientes.space\/michele-bond\/website\/?s={search_term_string}"},"query-input":"required name=search_term_string"}],"inLanguage":"pt-PT"}]}},"_links":{"self":[{"href":"https:\/\/clientes.space\/michele-bond\/website\/wp-json\/wp\/v2\/product\/7065"}],"collection":[{"href":"https:\/\/clientes.space\/michele-bond\/website\/wp-json\/wp\/v2\/product"}],"about":[{"href":"https:\/\/clientes.space\/michele-bond\/website\/wp-json\/wp\/v2\/types\/product"}],"replies":[{"embeddable":true,"href":"https:\/\/clientes.space\/michele-bond\/website\/wp-json\/wp\/v2\/comments?post=7065"}],"wp:featuredmedia":[{"embeddable":true,"href":"https:\/\/clientes.space\/michele-bond\/website\/wp-json\/wp\/v2\/media\/7067"}],"wp:attachment":[{"href":"https:\/\/clientes.space\/michele-bond\/website\/wp-json\/wp\/v2\/media?parent=7065"}],"wp:term":[{"taxonomy":"product_cat","embeddable":true,"href":"https:\/\/clientes.space\/michele-bond\/website\/wp-json\/wp\/v2\/product_cat?post=7065"},{"taxonomy":"product_tag","embeddable":true,"href":"https:\/\/clientes.space\/michele-bond\/website\/wp-json\/wp\/v2\/product_tag?post=7065"}],"curies":[{"name":"wp","href":"https:\/\/api.w.org\/{rel}","templated":true}]}}