{"id":7818,"date":"2020-12-04T18:22:46","date_gmt":"2020-12-04T18:22:46","guid":{"rendered":"https:\/\/clientes.space\/michele-bond\/website\/?post_type=product&#038;p=7818"},"modified":"2023-01-17T14:57:45","modified_gmt":"2023-01-17T14:57:45","slug":"endermologia-lpg","status":"publish","type":"product","link":"https:\/\/clientes.space\/michele-bond\/website\/produto\/endermologia-lpg\/","title":{"rendered":"Endermologia LPG"},"content":{"rendered":"<p class=\"mkdf-section-subtitle\">A Endermologia LPG utiliza as tecnologias de suc\u00e7\u00e3o e rolagem para trabalhar na pele, e baseasse numa t\u00e9cnica mec\u00e2nica e 100% natural. Assim, este tratamento permite:<\/p>\n<ul>\n<li class=\"mkdf-section-subtitle\"><strong>Aumentar<\/strong>\u00a0a microcircula\u00e7\u00e3o em 300% na gordura da camada subcut\u00e2nea;<\/li>\n<li><strong>Remover<\/strong>\u00a0o l\u00edquido que faz o corpo parecer inchado;<\/li>\n<li><strong>Esticar<\/strong>\u00a0o tecido conjuntivo que est\u00e1 contra\u00eddo e ajuda a alisar a pele;<\/li>\n<li><strong>Estimular<\/strong>\u00a0os receptores beta que optimizam a liberta\u00e7\u00e3o de gordura;<\/li>\n<li><strong>Estimular<\/strong>\u00a0a produ\u00e7\u00e3o de fibroblastos, que produzem mais colag\u00e9nio e elastina: duas subst\u00e2ncias essenciais para uma pele saud\u00e1vel.<\/li>\n<\/ul>\n<p>Para saber mais, visite a nossa p\u00e1gina sobre <a href=\"https:\/\/clientes.space\/michele-bond\/website\/endermologia-lpg\/\">Endermologia LPG.<\/a><\/p>\n<p><strong>COMO UTILIZAR E CONDI\u00c7\u00d5ES:<\/strong><\/p>\n<ul>\n<li>Voucher v\u00e1lido por 6 meses.<\/li>\n<\/ul>\n<p><strong>Como usufruir do voucher:<\/strong><\/p>\n<ul>\n<li>Ap\u00f3s a compra estar conclu\u00edda, receber\u00e1 no seu endere\u00e7o de email o respetivo voucher ou poder\u00e1 ser levantado na cl\u00ednica.<\/li>\n<li>Contacte o n\u00famero 967 250 466 ou o e-mail\u00a0geral@clientes.space\u00a0para efetuar a marca\u00e7\u00e3o para a data e hora de acordo com a sua prefer\u00eancia.<\/li>\n<\/ul>\n","protected":false},"excerpt":{"rendered":"<p>A Endermologia LPG utiliza as tecnologias de suc\u00e7\u00e3o e rolagem para trabalhar na pele, e baseasse numa t\u00e9cnica mec\u00e2nica e 100% natural, sendo indicado para gordura localizada, modela\u00e7\u00e3o corporal e celulite.<\/p>\n","protected":false},"featured_media":929,"comment_status":"open","ping_status":"closed","template":"","meta":{"content-type":""},"product_cat":[745,746],"product_tag":[],"yoast_head":"<!-- This site is optimized with the Yoast SEO plugin v21.7 - https:\/\/yoast.com\/wordpress\/plugins\/seo\/ -->\n<title>Comprar Endermologia LPG | Cl\u00ednica Michelle Bond | Lisboa<\/title>\n<meta name=\"description\" content=\"Compre sess\u00f5es de Endermologia LPG na nossa loja online: utiliza as tecnologias de suc\u00e7\u00e3o e rolagem para trabalhar na pele, e baseasse numa t\u00e9cnica mec\u00e2nica e 100% natural, sendo indicado para gordura localizada, modela\u00e7\u00e3o corporal e celulite.\" \/>\n<meta name=\"robots\" content=\"index, follow, max-snippet:-1, max-image-preview:large, max-video-preview:-1\" \/>\n<link rel=\"canonical\" href=\"https:\/\/clientes.space\/michele-bond\/website\/produto\/endermologia-lpg\/\" \/>\n<meta property=\"og:locale\" content=\"pt_PT\" \/>\n<meta property=\"og:type\" content=\"article\" \/>\n<meta property=\"og:title\" content=\"Comprar Endermologia LPG | Cl\u00ednica Michelle Bond | Lisboa\" \/>\n<meta property=\"og:description\" content=\"Compre sess\u00f5es de Endermologia LPG na nossa loja online: utiliza as tecnologias de suc\u00e7\u00e3o e rolagem para trabalhar na pele, e baseasse numa t\u00e9cnica mec\u00e2nica e 100% natural, sendo indicado para gordura localizada, modela\u00e7\u00e3o corporal e celulite.\" \/>\n<meta property=\"og:url\" content=\"https:\/\/clientes.space\/michele-bond\/website\/produto\/endermologia-lpg\/\" \/>\n<meta property=\"og:site_name\" content=\"Michelle Bond Clinic | Lisboa\" \/>\n<meta property=\"article:modified_time\" content=\"2023-01-17T14:57:45+00:00\" \/>\n<meta property=\"og:image\" content=\"https:\/\/clientes.space\/michele-bond\/website\/wp-content\/uploads\/2017\/06\/lpg-528x528.jpg\" \/>\n\t<meta property=\"og:image:width\" content=\"528\" \/>\n\t<meta property=\"og:image:height\" content=\"528\" \/>\n\t<meta property=\"og:image:type\" content=\"image\/jpeg\" \/>\n<meta name=\"twitter:card\" content=\"summary_large_image\" \/>\n<meta name=\"twitter:label1\" content=\"Tempo estimado de leitura\" \/>\n\t<meta name=\"twitter:data1\" content=\"1 minuto\" \/>\n<script type=\"application\/ld+json\" class=\"yoast-schema-graph\">{\"@context\":\"https:\/\/schema.org\",\"@graph\":[{\"@type\":\"WebPage\",\"@id\":\"https:\/\/clientes.space\/michele-bond\/website\/produto\/endermologia-lpg\/\",\"url\":\"https:\/\/clientes.space\/michele-bond\/website\/produto\/endermologia-lpg\/\",\"name\":\"Comprar Endermologia LPG | Cl\u00ednica Michelle Bond | Lisboa\",\"isPartOf\":{\"@id\":\"https:\/\/clientes.space\/michele-bond\/website\/#website\"},\"datePublished\":\"2020-12-04T18:22:46+00:00\",\"dateModified\":\"2023-01-17T14:57:45+00:00\",\"description\":\"Compre sess\u00f5es de Endermologia LPG na nossa loja online: utiliza as tecnologias de suc\u00e7\u00e3o e rolagem para trabalhar na pele, e baseasse numa t\u00e9cnica mec\u00e2nica e 100% natural, sendo indicado para gordura localizada, modela\u00e7\u00e3o corporal e celulite.\",\"breadcrumb\":{\"@id\":\"https:\/\/clientes.space\/michele-bond\/website\/produto\/endermologia-lpg\/#breadcrumb\"},\"inLanguage\":\"pt-PT\",\"potentialAction\":[{\"@type\":\"ReadAction\",\"target\":[\"https:\/\/clientes.space\/michele-bond\/website\/produto\/endermologia-lpg\/\"]}]},{\"@type\":\"BreadcrumbList\",\"@id\":\"https:\/\/clientes.space\/michele-bond\/website\/produto\/endermologia-lpg\/#breadcrumb\",\"itemListElement\":[{\"@type\":\"ListItem\",\"position\":1,\"name\":\"In\u00edcio\",\"item\":\"https:\/\/clientes.space\/michele-bond\/website\/\"},{\"@type\":\"ListItem\",\"position\":2,\"name\":\"Loja\",\"item\":\"https:\/\/clientes.space\/michele-bond\/website\/loja-todos\/\"},{\"@type\":\"ListItem\",\"position\":3,\"name\":\"Endermologia LPG\"}]},{\"@type\":\"WebSite\",\"@id\":\"https:\/\/clientes.space\/michele-bond\/website\/#website\",\"url\":\"https:\/\/clientes.space\/michele-bond\/website\/\",\"name\":\"Michelle Bond - Holistic Health &amp; Beauty\",\"description\":\"Medicina Est\u00e9tica, Naturopatia, Nutri\u00e7\u00e3o e Fisioterapia\",\"potentialAction\":[{\"@type\":\"SearchAction\",\"target\":{\"@type\":\"EntryPoint\",\"urlTemplate\":\"https:\/\/clientes.space\/michele-bond\/website\/?s={search_term_string}\"},\"query-input\":\"required name=search_term_string\"}],\"inLanguage\":\"pt-PT\"}]}<\/script>\n<!-- \/ Yoast SEO plugin. -->","yoast_head_json":{"title":"Comprar Endermologia LPG | Cl\u00ednica Michelle Bond | Lisboa","description":"Compre sess\u00f5es de Endermologia LPG na nossa loja online: utiliza as tecnologias de suc\u00e7\u00e3o e rolagem para trabalhar na pele, e baseasse numa t\u00e9cnica mec\u00e2nica e 100% natural, sendo indicado para gordura localizada, modela\u00e7\u00e3o corporal e celulite.","robots":{"index":"index","follow":"follow","max-snippet":"max-snippet:-1","max-image-preview":"max-image-preview:large","max-video-preview":"max-video-preview:-1"},"canonical":"https:\/\/clientes.space\/michele-bond\/website\/produto\/endermologia-lpg\/","og_locale":"pt_PT","og_type":"article","og_title":"Comprar Endermologia LPG | Cl\u00ednica Michelle Bond | Lisboa","og_description":"Compre sess\u00f5es de Endermologia LPG na nossa loja online: utiliza as tecnologias de suc\u00e7\u00e3o e rolagem para trabalhar na pele, e baseasse numa t\u00e9cnica mec\u00e2nica e 100% natural, sendo indicado para gordura localizada, modela\u00e7\u00e3o corporal e celulite.","og_url":"https:\/\/clientes.space\/michele-bond\/website\/produto\/endermologia-lpg\/","og_site_name":"Michelle Bond Clinic | Lisboa","article_modified_time":"2023-01-17T14:57:45+00:00","og_image":[{"width":528,"height":528,"url":"https:\/\/clientes.space\/michele-bond\/website\/wp-content\/uploads\/2017\/06\/lpg-528x528.jpg","type":"image\/jpeg"}],"twitter_card":"summary_large_image","twitter_misc":{"Tempo estimado de leitura":"1 minuto"},"schema":{"@context":"https:\/\/schema.org","@graph":[{"@type":"WebPage","@id":"https:\/\/clientes.space\/michele-bond\/website\/produto\/endermologia-lpg\/","url":"https:\/\/clientes.space\/michele-bond\/website\/produto\/endermologia-lpg\/","name":"Comprar Endermologia LPG | Cl\u00ednica Michelle Bond | Lisboa","isPartOf":{"@id":"https:\/\/clientes.space\/michele-bond\/website\/#website"},"datePublished":"2020-12-04T18:22:46+00:00","dateModified":"2023-01-17T14:57:45+00:00","description":"Compre sess\u00f5es de Endermologia LPG na nossa loja online: utiliza as tecnologias de suc\u00e7\u00e3o e rolagem para trabalhar na pele, e baseasse numa t\u00e9cnica mec\u00e2nica e 100% natural, sendo indicado para gordura localizada, modela\u00e7\u00e3o corporal e celulite.","breadcrumb":{"@id":"https:\/\/clientes.space\/michele-bond\/website\/produto\/endermologia-lpg\/#breadcrumb"},"inLanguage":"pt-PT","potentialAction":[{"@type":"ReadAction","target":["https:\/\/clientes.space\/michele-bond\/website\/produto\/endermologia-lpg\/"]}]},{"@type":"BreadcrumbList","@id":"https:\/\/clientes.space\/michele-bond\/website\/produto\/endermologia-lpg\/#breadcrumb","itemListElement":[{"@type":"ListItem","position":1,"name":"In\u00edcio","item":"https:\/\/clientes.space\/michele-bond\/website\/"},{"@type":"ListItem","position":2,"name":"Loja","item":"https:\/\/clientes.space\/michele-bond\/website\/loja-todos\/"},{"@type":"ListItem","position":3,"name":"Endermologia LPG"}]},{"@type":"WebSite","@id":"https:\/\/clientes.space\/michele-bond\/website\/#website","url":"https:\/\/clientes.space\/michele-bond\/website\/","name":"Michelle Bond - Holistic Health &amp; Beauty","description":"Medicina Est\u00e9tica, Naturopatia, Nutri\u00e7\u00e3o e Fisioterapia","potentialAction":[{"@type":"SearchAction","target":{"@type":"EntryPoint","urlTemplate":"https:\/\/clientes.space\/michele-bond\/website\/?s={search_term_string}"},"query-input":"required name=search_term_string"}],"inLanguage":"pt-PT"}]}},"_links":{"self":[{"href":"https:\/\/clientes.space\/michele-bond\/website\/wp-json\/wp\/v2\/product\/7818"}],"collection":[{"href":"https:\/\/clientes.space\/michele-bond\/website\/wp-json\/wp\/v2\/product"}],"about":[{"href":"https:\/\/clientes.space\/michele-bond\/website\/wp-json\/wp\/v2\/types\/product"}],"replies":[{"embeddable":true,"href":"https:\/\/clientes.space\/michele-bond\/website\/wp-json\/wp\/v2\/comments?post=7818"}],"wp:featuredmedia":[{"embeddable":true,"href":"https:\/\/clientes.space\/michele-bond\/website\/wp-json\/wp\/v2\/media\/929"}],"wp:attachment":[{"href":"https:\/\/clientes.space\/michele-bond\/website\/wp-json\/wp\/v2\/media?parent=7818"}],"wp:term":[{"taxonomy":"product_cat","embeddable":true,"href":"https:\/\/clientes.space\/michele-bond\/website\/wp-json\/wp\/v2\/product_cat?post=7818"},{"taxonomy":"product_tag","embeddable":true,"href":"https:\/\/clientes.space\/michele-bond\/website\/wp-json\/wp\/v2\/product_tag?post=7818"}],"curies":[{"name":"wp","href":"https:\/\/api.w.org\/{rel}","templated":true}]}}