{"id":8697,"date":"2021-01-29T17:18:12","date_gmt":"2021-01-29T17:18:12","guid":{"rendered":"https:\/\/clientes.space\/michele-bond\/website\/?post_type=product&#038;p=8697"},"modified":"2022-07-24T11:19:32","modified_gmt":"2022-07-24T11:19:32","slug":"acne-one-mesoestetic","status":"publish","type":"product","link":"https:\/\/clientes.space\/michele-bond\/website\/produto\/acne-one-mesoestetic\/","title":{"rendered":"Acne One 50ml"},"content":{"rendered":"<p>Creme de uso di\u00e1rio concebido para o controlo \u00f3timo da pele com tend\u00eancia acneica e seborreica. A associa\u00e7\u00e3o \u00fanica de ativos complementares e sin\u00e9rgicos do m.acne complex<sup>\u2122<\/sup>\u00a0estimula simultaneamente a exfolia\u00e7\u00e3o do canal pilosseb\u00e1ceo, a diminui\u00e7\u00e3o da produ\u00e7\u00e3o de sebo, o controlo da prolifera\u00e7\u00e3o bacteriana e a redu\u00e7\u00e3o do rubor epid\u00e9rmico.<\/p>\n<p>Retin\u00f3ide quimioexfoliante que potencia a renova\u00e7\u00e3o\u00a0celular, ao mesmo tempo que possui propriedades despigmentantes que diminuem as<br \/>\nhiperpigmenta\u00e7\u00f5es p\u00f3s-inflamat\u00f3rias acneicas.<\/p>\n<p><strong>Quantidade:<\/strong><\/p>\n<p>50ml<\/p>\n<p><strong>Ingredientes:<\/strong><\/p>\n<p>Aqua, propileno, glicol, azelato diss\u00f3dico, triglicer\u00eddeo capr\u00edlico \/ c\u00e1prico, carb\u00f4mero, \u00e1cido salic\u00edlico, polissorbato 80, \u00e1cido mand\u00e9lico, EDTA diss\u00f3dico, \u00e1cido shiqu\u00edmico, simeticona, extrato de fruta serenoa serrulata, retinoxitrimetilsilano.<\/p>\n<p><strong>Modo de usar:<\/strong><\/p>\n<p>Aplicar uma ou duas vezes ao dia uma camada fina e uniforme de acne one sobre a pele limpa, evitando o contorno dos olhos e o\u00a0contacto com as mucosas, sendo recomend\u00e1vel a aplica\u00e7\u00e3o posterior\u00a0de dermatological sun protection SPF50+ no caso de exposi\u00e7\u00e3o \u00e0s\u00a0radia\u00e7\u00f5es solares.<\/p>\n<p><strong>Advert\u00eancias:<\/strong><\/p>\n<p>Evitar o contorno dos olhos e o contacto com as mucosas, sendo recomend\u00e1vel a aplica\u00e7\u00e3o posterior de dermatological sun protection SPF50+ no caso de exposi\u00e7\u00e3o \u00e0s radia\u00e7\u00f5es solares.<\/p>\n","protected":false},"excerpt":{"rendered":"<p>Creme de tratamento foi desenvolvido especificamente para o controle di\u00e1rio de peles acneicas e seborreicas. A mistura \u00fanica de ingredientes ativos do complexo m.acne estimula a esfolia\u00e7\u00e3o, limita a produ\u00e7\u00e3o de sebo, controla as bact\u00e9rias e reduz a vermelhid\u00e3o.<\/p>\n","protected":false},"featured_media":8698,"comment_status":"open","ping_status":"closed","template":"","meta":{"content-type":""},"product_cat":[949,686,689,706,707],"product_tag":[1000,1001],"yoast_head":"<!-- This site is optimized with the Yoast SEO plugin v21.7 - https:\/\/yoast.com\/wordpress\/plugins\/seo\/ -->\n<title>Acne One 50ml Mesoestetic - Loja Online Michelle Bond | Lisboa<\/title>\n<meta name=\"description\" content=\"Acne One Mesoestetic \u00e9 um creme de tratamento que foi desenvolvido especificamente para o controle di\u00e1rio de peles acneicas e seborreicas. Limita a produ\u00e7\u00e3o de sebo, controla as bact\u00e9rias e reduz a vermelhid\u00e3o.\" \/>\n<meta name=\"robots\" content=\"index, follow, max-snippet:-1, max-image-preview:large, max-video-preview:-1\" \/>\n<link rel=\"canonical\" href=\"https:\/\/clientes.space\/michele-bond\/website\/produto\/acne-one-mesoestetic\/\" \/>\n<meta property=\"og:locale\" content=\"pt_PT\" \/>\n<meta property=\"og:type\" content=\"article\" \/>\n<meta property=\"og:title\" content=\"Acne One 50ml Mesoestetic - Loja Online Michelle Bond | Lisboa\" \/>\n<meta property=\"og:description\" content=\"Acne One Mesoestetic \u00e9 um creme de tratamento que foi desenvolvido especificamente para o controle di\u00e1rio de peles acneicas e seborreicas. Limita a produ\u00e7\u00e3o de sebo, controla as bact\u00e9rias e reduz a vermelhid\u00e3o.\" \/>\n<meta property=\"og:url\" content=\"https:\/\/clientes.space\/michele-bond\/website\/produto\/acne-one-mesoestetic\/\" \/>\n<meta property=\"og:site_name\" content=\"Michelle Bond Clinic | Lisboa\" \/>\n<meta property=\"article:modified_time\" content=\"2022-07-24T11:19:32+00:00\" \/>\n<meta property=\"og:image\" content=\"https:\/\/clientes.space\/michele-bond\/website\/wp-content\/uploads\/2021\/01\/acne-one.jpg\" \/>\n\t<meta property=\"og:image:width\" content=\"800\" \/>\n\t<meta property=\"og:image:height\" content=\"800\" \/>\n\t<meta property=\"og:image:type\" content=\"image\/jpeg\" \/>\n<meta name=\"twitter:card\" content=\"summary_large_image\" \/>\n<meta name=\"twitter:label1\" content=\"Tempo estimado de leitura\" \/>\n\t<meta name=\"twitter:data1\" content=\"1 minuto\" \/>\n<script type=\"application\/ld+json\" class=\"yoast-schema-graph\">{\"@context\":\"https:\/\/schema.org\",\"@graph\":[{\"@type\":\"WebPage\",\"@id\":\"https:\/\/clientes.space\/michele-bond\/website\/produto\/acne-one-mesoestetic\/\",\"url\":\"https:\/\/clientes.space\/michele-bond\/website\/produto\/acne-one-mesoestetic\/\",\"name\":\"Acne One 50ml Mesoestetic - Loja Online Michelle Bond | Lisboa\",\"isPartOf\":{\"@id\":\"https:\/\/clientes.space\/michele-bond\/website\/#website\"},\"datePublished\":\"2021-01-29T17:18:12+00:00\",\"dateModified\":\"2022-07-24T11:19:32+00:00\",\"description\":\"Acne One Mesoestetic \u00e9 um creme de tratamento que foi desenvolvido especificamente para o controle di\u00e1rio de peles acneicas e seborreicas. Limita a produ\u00e7\u00e3o de sebo, controla as bact\u00e9rias e reduz a vermelhid\u00e3o.\",\"breadcrumb\":{\"@id\":\"https:\/\/clientes.space\/michele-bond\/website\/produto\/acne-one-mesoestetic\/#breadcrumb\"},\"inLanguage\":\"pt-PT\",\"potentialAction\":[{\"@type\":\"ReadAction\",\"target\":[\"https:\/\/clientes.space\/michele-bond\/website\/produto\/acne-one-mesoestetic\/\"]}]},{\"@type\":\"BreadcrumbList\",\"@id\":\"https:\/\/clientes.space\/michele-bond\/website\/produto\/acne-one-mesoestetic\/#breadcrumb\",\"itemListElement\":[{\"@type\":\"ListItem\",\"position\":1,\"name\":\"In\u00edcio\",\"item\":\"https:\/\/clientes.space\/michele-bond\/website\/\"},{\"@type\":\"ListItem\",\"position\":2,\"name\":\"Loja\",\"item\":\"https:\/\/clientes.space\/michele-bond\/website\/loja-todos\/\"},{\"@type\":\"ListItem\",\"position\":3,\"name\":\"Acne One 50ml\"}]},{\"@type\":\"WebSite\",\"@id\":\"https:\/\/clientes.space\/michele-bond\/website\/#website\",\"url\":\"https:\/\/clientes.space\/michele-bond\/website\/\",\"name\":\"Michelle Bond - Holistic Health &amp; Beauty\",\"description\":\"Medicina Est\u00e9tica, Naturopatia, Nutri\u00e7\u00e3o e Fisioterapia\",\"potentialAction\":[{\"@type\":\"SearchAction\",\"target\":{\"@type\":\"EntryPoint\",\"urlTemplate\":\"https:\/\/clientes.space\/michele-bond\/website\/?s={search_term_string}\"},\"query-input\":\"required name=search_term_string\"}],\"inLanguage\":\"pt-PT\"}]}<\/script>\n<!-- \/ Yoast SEO plugin. -->","yoast_head_json":{"title":"Acne One 50ml Mesoestetic - Loja Online Michelle Bond | Lisboa","description":"Acne One Mesoestetic \u00e9 um creme de tratamento que foi desenvolvido especificamente para o controle di\u00e1rio de peles acneicas e seborreicas. Limita a produ\u00e7\u00e3o de sebo, controla as bact\u00e9rias e reduz a vermelhid\u00e3o.","robots":{"index":"index","follow":"follow","max-snippet":"max-snippet:-1","max-image-preview":"max-image-preview:large","max-video-preview":"max-video-preview:-1"},"canonical":"https:\/\/clientes.space\/michele-bond\/website\/produto\/acne-one-mesoestetic\/","og_locale":"pt_PT","og_type":"article","og_title":"Acne One 50ml Mesoestetic - Loja Online Michelle Bond | Lisboa","og_description":"Acne One Mesoestetic \u00e9 um creme de tratamento que foi desenvolvido especificamente para o controle di\u00e1rio de peles acneicas e seborreicas. Limita a produ\u00e7\u00e3o de sebo, controla as bact\u00e9rias e reduz a vermelhid\u00e3o.","og_url":"https:\/\/clientes.space\/michele-bond\/website\/produto\/acne-one-mesoestetic\/","og_site_name":"Michelle Bond Clinic | Lisboa","article_modified_time":"2022-07-24T11:19:32+00:00","og_image":[{"width":800,"height":800,"url":"https:\/\/clientes.space\/michele-bond\/website\/wp-content\/uploads\/2021\/01\/acne-one.jpg","type":"image\/jpeg"}],"twitter_card":"summary_large_image","twitter_misc":{"Tempo estimado de leitura":"1 minuto"},"schema":{"@context":"https:\/\/schema.org","@graph":[{"@type":"WebPage","@id":"https:\/\/clientes.space\/michele-bond\/website\/produto\/acne-one-mesoestetic\/","url":"https:\/\/clientes.space\/michele-bond\/website\/produto\/acne-one-mesoestetic\/","name":"Acne One 50ml Mesoestetic - Loja Online Michelle Bond | Lisboa","isPartOf":{"@id":"https:\/\/clientes.space\/michele-bond\/website\/#website"},"datePublished":"2021-01-29T17:18:12+00:00","dateModified":"2022-07-24T11:19:32+00:00","description":"Acne One Mesoestetic \u00e9 um creme de tratamento que foi desenvolvido especificamente para o controle di\u00e1rio de peles acneicas e seborreicas. Limita a produ\u00e7\u00e3o de sebo, controla as bact\u00e9rias e reduz a vermelhid\u00e3o.","breadcrumb":{"@id":"https:\/\/clientes.space\/michele-bond\/website\/produto\/acne-one-mesoestetic\/#breadcrumb"},"inLanguage":"pt-PT","potentialAction":[{"@type":"ReadAction","target":["https:\/\/clientes.space\/michele-bond\/website\/produto\/acne-one-mesoestetic\/"]}]},{"@type":"BreadcrumbList","@id":"https:\/\/clientes.space\/michele-bond\/website\/produto\/acne-one-mesoestetic\/#breadcrumb","itemListElement":[{"@type":"ListItem","position":1,"name":"In\u00edcio","item":"https:\/\/clientes.space\/michele-bond\/website\/"},{"@type":"ListItem","position":2,"name":"Loja","item":"https:\/\/clientes.space\/michele-bond\/website\/loja-todos\/"},{"@type":"ListItem","position":3,"name":"Acne One 50ml"}]},{"@type":"WebSite","@id":"https:\/\/clientes.space\/michele-bond\/website\/#website","url":"https:\/\/clientes.space\/michele-bond\/website\/","name":"Michelle Bond - Holistic Health &amp; Beauty","description":"Medicina Est\u00e9tica, Naturopatia, Nutri\u00e7\u00e3o e Fisioterapia","potentialAction":[{"@type":"SearchAction","target":{"@type":"EntryPoint","urlTemplate":"https:\/\/clientes.space\/michele-bond\/website\/?s={search_term_string}"},"query-input":"required name=search_term_string"}],"inLanguage":"pt-PT"}]}},"_links":{"self":[{"href":"https:\/\/clientes.space\/michele-bond\/website\/wp-json\/wp\/v2\/product\/8697"}],"collection":[{"href":"https:\/\/clientes.space\/michele-bond\/website\/wp-json\/wp\/v2\/product"}],"about":[{"href":"https:\/\/clientes.space\/michele-bond\/website\/wp-json\/wp\/v2\/types\/product"}],"replies":[{"embeddable":true,"href":"https:\/\/clientes.space\/michele-bond\/website\/wp-json\/wp\/v2\/comments?post=8697"}],"wp:featuredmedia":[{"embeddable":true,"href":"https:\/\/clientes.space\/michele-bond\/website\/wp-json\/wp\/v2\/media\/8698"}],"wp:attachment":[{"href":"https:\/\/clientes.space\/michele-bond\/website\/wp-json\/wp\/v2\/media?parent=8697"}],"wp:term":[{"taxonomy":"product_cat","embeddable":true,"href":"https:\/\/clientes.space\/michele-bond\/website\/wp-json\/wp\/v2\/product_cat?post=8697"},{"taxonomy":"product_tag","embeddable":true,"href":"https:\/\/clientes.space\/michele-bond\/website\/wp-json\/wp\/v2\/product_tag?post=8697"}],"curies":[{"name":"wp","href":"https:\/\/api.w.org\/{rel}","templated":true}]}}